{"id":5892,"date":"2024-03-13T11:30:41","date_gmt":"2024-03-13T10:30:41","guid":{"rendered":"https:\/\/esla.crealogica.eu\/productos\/sense%20categoria\/6046-escala-per-recolzar-extensible-de-2-trams-en131-1-2\/"},"modified":"2025-05-29T16:05:56","modified_gmt":"2025-05-29T14:05:56","slug":"6046-escala-per-recolzar-extensible-de-2-trams-en131-1-2","status":"publish","type":"product","link":"https:\/\/www.esla.eu\/ca\/productes\/escales-portatils\/6046-escala-per-recolzar-extensible-de-2-trams-en131-1-2\/","title":{"rendered":"6046 &#8211; Escala per recolzar extensible de 2 trams EN131.1-2"},"content":{"rendered":"<p><strong>Caracter\u00edstiques a destacar<\/strong><\/p>\n<p>Al\u00e7ada m\u00e0xima de treball aproximada (mts): 10<\/p>\n<p>Inclinaci\u00f3 \u00b0: 75<\/p>\n<p>Esgla\u00f3 (mm): 30<\/p>\n<p>Ample (mm): 425<\/p>\n<p>Separaci\u00f3 graons (mm): 280<\/p>\n<p><strong>Altres detalls<\/strong><\/p>\n<p>Montants laterals extrusionats ergon\u00f2mics.<\/p>\n<p>Guies en acer, recobertes amb pl\u00e0stic interior per millor lliscament.<\/p>\n<p>Peus basculants amb m\u00e9s superf\u00edcie de recolzament.<\/p>\n<p>A partir de 14 graons rodetes en extrem superior que protegeixen l\u2019escala en la superf\u00edcie de recolzament contra la fricci\u00f3.<\/p>\n<p>A partir de 8 graons estabilitzador curvat incorporat.<\/p>\n<p>Tirants refor\u00e7 primer gra\u00f3.<\/p>\n","protected":false},"excerpt":{"rendered":"<p>Caracter\u00edstiques a destacar Al\u00e7ada m\u00e0xima de treball aproximada (mts): 10 Inclinaci\u00f3 \u00b0: 75 Esgla\u00f3 (mm): 30 Ample (mm): 425 Separaci\u00f3 graons (mm): 280 Altres detalls Montants laterals extrusionats ergon\u00f2mics. Guies en acer, recobertes amb pl\u00e0stic interior per millor lliscament. Peus basculants amb m\u00e9s superf\u00edcie de recolzament. A partir de 14 graons rodetes en extrem superior [&hellip;]<\/p>\n","protected":false},"featured_media":2224,"template":"","meta":{"inline_featured_image":false},"product_brand":[],"product_cat":[64],"product_tag":[],"class_list":{"0":"post-5892","1":"product","2":"type-product","3":"status-publish","4":"has-post-thumbnail","6":"product_cat-escales-portatils","8":"first","9":"instock","10":"shipping-taxable","11":"purchasable","12":"product-type-simple"},"_links":{"self":[{"href":"https:\/\/www.esla.eu\/ca\/wp-json\/wp\/v2\/product\/5892","targetHints":{"allow":["GET"]}}],"collection":[{"href":"https:\/\/www.esla.eu\/ca\/wp-json\/wp\/v2\/product"}],"about":[{"href":"https:\/\/www.esla.eu\/ca\/wp-json\/wp\/v2\/types\/product"}],"wp:featuredmedia":[{"embeddable":true,"href":"https:\/\/www.esla.eu\/ca\/wp-json\/wp\/v2\/media\/2224"}],"wp:attachment":[{"href":"https:\/\/www.esla.eu\/ca\/wp-json\/wp\/v2\/media?parent=5892"}],"wp:term":[{"taxonomy":"product_brand","embeddable":true,"href":"https:\/\/www.esla.eu\/ca\/wp-json\/wp\/v2\/product_brand?post=5892"},{"taxonomy":"product_cat","embeddable":true,"href":"https:\/\/www.esla.eu\/ca\/wp-json\/wp\/v2\/product_cat?post=5892"},{"taxonomy":"product_tag","embeddable":true,"href":"https:\/\/www.esla.eu\/ca\/wp-json\/wp\/v2\/product_tag?post=5892"}],"curies":[{"name":"wp","href":"https:\/\/api.w.org\/{rel}","templated":true}]}}

<p><strong>Característiques a destacar</strong></p>
<p>Alçada màxima de treball aproximada (mts): 10</p>
<p>Inclinació °: 75</p>
<p>Esglaó (mm): 30</p>
<p>Ample (mm): 425</p>
<p>Separació graons (mm): 280</p>
<p><strong>Altres detalls</strong></p>
<p>Montants laterals extrusionats ergonòmics.</p>
<p>Guies en acer, recobertes amb plàstic interior per millor lliscament.</p>
<p>Peus basculants amb més superfície de recolzament.</p>
<p>A partir de 14 graons rodetes en extrem superior que protegeixen l’escala en la superfície de recolzament contra la fricció.</p>
<p>A partir de 8 graons estabilitzador curvat incorporat.</p>
<p>Tirants reforç primer graó.</p>

<p>Característiques a destacar Alçada màxima de treball aproximada (mts): 10 Inclinació °: 75 Esglaó (mm): 30 Ample (mm): 425 Separació graons (mm): 280 Altres detalls Montants laterals extrusionats ergonòmics. Guies en acer, recobertes amb plàstic interior per millor lliscament. Peus basculants amb més superfície de recolzament. A partir de 14 graons rodetes en extrem superior [&hellip;]</p>
