{"id":6147,"date":"2024-03-18T10:21:27","date_gmt":"2024-03-18T09:21:27","guid":{"rendered":"https:\/\/esla.crealogica.eu\/productos\/sense%20categoria\/2001479-plataforma-mobil-elevable-amb-rodes-especials-per-rails-via\/"},"modified":"2024-04-17T13:20:04","modified_gmt":"2024-04-17T11:20:04","slug":"2001479-plataforma-mobil-elevable-amb-rodes-especials-per-rails-via","status":"publish","type":"product","link":"https:\/\/www.esla.eu\/ca\/productes\/solucions-especials\/plataformes-regulables-i-remolcables\/2001479-plataforma-mobil-elevable-amb-rodes-especials-per-rails-via\/","title":{"rendered":"2001479 &#8211; Plataforma m\u00f2bil elevable amb rodes especials per rails via"},"content":{"rendered":"<p>Plataforma m\u00f2bil en alumini elevable per manteniment ferroviari<\/p>\n<p>&#8211; Sistema d&#8217;elevaci\u00f3 manual amb cilindre hidr\u00e0ulic<\/p>\n<p>&#8211; Rodes especials per rail<\/p>\n<p>&#8211; Lames frontals extensibles<\/p>\n<p>&#8211; Peus regulables per foso<\/p>\n","protected":false},"excerpt":{"rendered":"<p>Plataforma m\u00f2bil en alumini elevable per manteniment ferroviari &#8211; Sistema d&#8217;elevaci\u00f3 manual amb cilindre hidr\u00e0ulic &#8211; Rodes especials per rail &#8211; Lames frontals extensibles &#8211; Peus regulables per foso<\/p>\n","protected":false},"featured_media":3130,"template":"","meta":{"inline_featured_image":false},"product_brand":[],"product_cat":[74,78],"product_tag":[],"class_list":{"0":"post-6147","1":"product","2":"type-product","3":"status-publish","4":"has-post-thumbnail","6":"product_cat-plataformes-elevables","7":"product_cat-plataformes-regulables-i-remolcables","9":"first","10":"instock","11":"shipping-taxable","12":"product-type-simple"},"_links":{"self":[{"href":"https:\/\/www.esla.eu\/ca\/wp-json\/wp\/v2\/product\/6147","targetHints":{"allow":["GET"]}}],"collection":[{"href":"https:\/\/www.esla.eu\/ca\/wp-json\/wp\/v2\/product"}],"about":[{"href":"https:\/\/www.esla.eu\/ca\/wp-json\/wp\/v2\/types\/product"}],"wp:featuredmedia":[{"embeddable":true,"href":"https:\/\/www.esla.eu\/ca\/wp-json\/wp\/v2\/media\/3130"}],"wp:attachment":[{"href":"https:\/\/www.esla.eu\/ca\/wp-json\/wp\/v2\/media?parent=6147"}],"wp:term":[{"taxonomy":"product_brand","embeddable":true,"href":"https:\/\/www.esla.eu\/ca\/wp-json\/wp\/v2\/product_brand?post=6147"},{"taxonomy":"product_cat","embeddable":true,"href":"https:\/\/www.esla.eu\/ca\/wp-json\/wp\/v2\/product_cat?post=6147"},{"taxonomy":"product_tag","embeddable":true,"href":"https:\/\/www.esla.eu\/ca\/wp-json\/wp\/v2\/product_tag?post=6147"}],"curies":[{"name":"wp","href":"https:\/\/api.w.org\/{rel}","templated":true}]}}

2001479 &#8211; Plataforma mòbil elevable amb rodes especials per rails via

<p>Plataforma mòbil en alumini elevable per manteniment ferroviari</p>
<p>&#8211; Sistema d&#8217;elevació manual amb cilindre hidràulic</p>
<p>&#8211; Rodes especials per rail</p>
<p>&#8211; Lames frontals extensibles</p>
<p>&#8211; Peus regulables per foso</p>

<p>Plataforma mòbil en alumini elevable per manteniment ferroviari &#8211; Sistema d&#8217;elevació manual amb cilindre hidràulic &#8211; Rodes especials per rail &#8211; Lames frontals extensibles &#8211; Peus regulables per foso</p>
