{"id":6177,"date":"2024-03-18T10:32:17","date_gmt":"2024-03-18T09:32:17","guid":{"rendered":"https:\/\/esla.crealogica.eu\/productos\/sense%20categoria\/2001532-plataforma-dalumini-movil-i-elevable\/"},"modified":"2024-04-17T14:02:13","modified_gmt":"2024-04-17T12:02:13","slug":"2001532-plataforma-dalumini-movil-i-elevable","status":"publish","type":"product","link":"https:\/\/www.esla.eu\/ca\/productes\/solucions-especials\/plataformes-regulables-i-remolcables\/2001532-plataforma-dalumini-movil-i-elevable\/","title":{"rendered":"2001532 &#8211; Plataforma d&#8217;alumini m\u00f2vil i elevable"},"content":{"rendered":"<p>-Elevaci\u00f3 manual amb sistema cremallera<\/p>\n<p>-Acc\u00e9s lateral amb escala vertical<\/p>\n<p>-La plataforma t\u00e9 un volad\u00eds per poder apropar-se al m\u00f2dul<\/p>\n","protected":false},"excerpt":{"rendered":"<p>-Elevaci\u00f3 manual amb sistema cremallera -Acc\u00e9s lateral amb escala vertical -La plataforma t\u00e9 un volad\u00eds per poder apropar-se al m\u00f2dul<\/p>\n","protected":false},"featured_media":3225,"template":"","meta":{"inline_featured_image":false},"product_brand":[],"product_cat":[74,78],"product_tag":[],"class_list":{"0":"post-6177","1":"product","2":"type-product","3":"status-publish","4":"has-post-thumbnail","6":"product_cat-plataformes-elevables","7":"product_cat-plataformes-regulables-i-remolcables","9":"first","10":"instock","11":"shipping-taxable","12":"product-type-simple"},"_links":{"self":[{"href":"https:\/\/www.esla.eu\/ca\/wp-json\/wp\/v2\/product\/6177","targetHints":{"allow":["GET"]}}],"collection":[{"href":"https:\/\/www.esla.eu\/ca\/wp-json\/wp\/v2\/product"}],"about":[{"href":"https:\/\/www.esla.eu\/ca\/wp-json\/wp\/v2\/types\/product"}],"wp:featuredmedia":[{"embeddable":true,"href":"https:\/\/www.esla.eu\/ca\/wp-json\/wp\/v2\/media\/3225"}],"wp:attachment":[{"href":"https:\/\/www.esla.eu\/ca\/wp-json\/wp\/v2\/media?parent=6177"}],"wp:term":[{"taxonomy":"product_brand","embeddable":true,"href":"https:\/\/www.esla.eu\/ca\/wp-json\/wp\/v2\/product_brand?post=6177"},{"taxonomy":"product_cat","embeddable":true,"href":"https:\/\/www.esla.eu\/ca\/wp-json\/wp\/v2\/product_cat?post=6177"},{"taxonomy":"product_tag","embeddable":true,"href":"https:\/\/www.esla.eu\/ca\/wp-json\/wp\/v2\/product_tag?post=6177"}],"curies":[{"name":"wp","href":"https:\/\/api.w.org\/{rel}","templated":true}]}}

2001532 &#8211; Plataforma d&#8217;alumini mòvil i elevable

<p>-Elevació manual amb sistema cremallera</p>
<p>-Accés lateral amb escala vertical</p>
<p>-La plataforma té un voladís per poder apropar-se al mòdul</p>

<p>-Elevació manual amb sistema cremallera -Accés lateral amb escala vertical -La plataforma té un voladís per poder apropar-se al mòdul</p>
