{"id":13555,"date":"2024-04-02T09:20:14","date_gmt":"2024-04-02T07:20:14","guid":{"rendered":"https:\/\/www.esla.eu\/productos\/unkategorisiert\/a43010000-bremshebel-set-fuer-vorderrad-35-10103\/"},"modified":"2024-04-02T09:20:14","modified_gmt":"2024-04-02T07:20:14","slug":"a43010000-bremshebel-set-fuer-vorderrad-35-10103","status":"publish","type":"product","link":"https:\/\/www.esla.eu\/de\/productos\/zubehoer\/rader\/a43010000-bremshebel-set-fuer-vorderrad-35-10103\/","title":{"rendered":"A43010000 \u2013 Bremshebel-Set f\u00fcr Vorderrad 35\u00b0 \u2013 10103"},"content":{"rendered":"<p>Set mit 2 Vorderr\u00e4dern mit Hebelbremse<\/p>\n<p>Durch den Einbau hat die Plattform 4 R\u00e4der.<\/p>\n<p>Die 2 hinteren sind zur Erleichterung der Bewegung gef\u00fchrt, und diese sind ungef\u00fchrt, was eine bessere Beweglichkeit in alle Richtungen erm\u00f6glicht.<\/p>\n<p>Serie 10300<\/p>\n","protected":false},"excerpt":{"rendered":"<p>Set mit 2 Vorderr\u00e4dern mit Hebelbremse Durch den Einbau hat die Plattform 4 R\u00e4der. Die 2 hinteren sind zur Erleichterung der Bewegung gef\u00fchrt, und diese sind ungef\u00fchrt, was eine bessere Beweglichkeit in alle Richtungen erm\u00f6glicht. Serie 10300<\/p>\n","protected":false},"featured_media":5183,"template":"","meta":{"inline_featured_image":false},"product_brand":[],"product_cat":[438],"product_tag":[],"class_list":{"0":"post-13555","1":"product","2":"type-product","3":"status-publish","4":"has-post-thumbnail","6":"product_cat-rader","8":"first","9":"instock","10":"shipping-taxable","11":"product-type-simple"},"_links":{"self":[{"href":"https:\/\/www.esla.eu\/de\/wp-json\/wp\/v2\/product\/13555","targetHints":{"allow":["GET"]}}],"collection":[{"href":"https:\/\/www.esla.eu\/de\/wp-json\/wp\/v2\/product"}],"about":[{"href":"https:\/\/www.esla.eu\/de\/wp-json\/wp\/v2\/types\/product"}],"wp:featuredmedia":[{"embeddable":true,"href":"https:\/\/www.esla.eu\/de\/wp-json\/wp\/v2\/media\/5183"}],"wp:attachment":[{"href":"https:\/\/www.esla.eu\/de\/wp-json\/wp\/v2\/media?parent=13555"}],"wp:term":[{"taxonomy":"product_brand","embeddable":true,"href":"https:\/\/www.esla.eu\/de\/wp-json\/wp\/v2\/product_brand?post=13555"},{"taxonomy":"product_cat","embeddable":true,"href":"https:\/\/www.esla.eu\/de\/wp-json\/wp\/v2\/product_cat?post=13555"},{"taxonomy":"product_tag","embeddable":true,"href":"https:\/\/www.esla.eu\/de\/wp-json\/wp\/v2\/product_tag?post=13555"}],"curies":[{"name":"wp","href":"https:\/\/api.w.org\/{rel}","templated":true}]}}

A43010000 – Bremshebel-Set für Vorderrad 35° – 10103

<p>Set mit 2 Vorderrädern mit Hebelbremse</p>
<p>Durch den Einbau hat die Plattform 4 Räder.</p>
<p>Die 2 hinteren sind zur Erleichterung der Bewegung geführt, und diese sind ungeführt, was eine bessere Beweglichkeit in alle Richtungen ermöglicht.</p>
<p>Serie 10300</p>

<p>Set mit 2 Vorderrädern mit Hebelbremse Durch den Einbau hat die Plattform 4 Räder. Die 2 hinteren sind zur Erleichterung der Bewegung geführt, und diese sind ungeführt, was eine bessere Beweglichkeit in alle Richtungen ermöglicht. Serie 10300</p>
