{"id":13608,"date":"2024-03-18T11:26:39","date_gmt":"2024-03-18T10:26:39","guid":{"rendered":"https:\/\/www.esla.eu\/productos\/unkategorisiert\/2030166-mobile-bruecke-mit-doppeltem-zugang\/"},"modified":"2026-01-30T17:56:05","modified_gmt":"2026-01-30T16:56:05","slug":"2030166-mobile-bruecke-mit-doppeltem-zugang","status":"publish","type":"product","link":"https:\/\/www.esla.eu\/de\/productos\/sonderloesungen\/brucken\/2030166-mobile-bruecke-mit-doppeltem-zugang\/","title":{"rendered":"2030166 &#8211; Mobile Br\u00fccke mit doppeltem Zugang"},"content":{"rendered":"<p>Mobile Aluminiumbr\u00fccke<\/p>\n<p>&#8211; Doppelter Zugang<\/p>\n<p>&#8211; L\u00e4nge 3.000 mm x H\u00f6he 4.000 mm<\/p>\n<p>&#8211; Gelb lackierte Gel\u00e4nder<\/p>\n","protected":false},"excerpt":{"rendered":"<p>Mobile Aluminiumbr\u00fccke &#8211; Doppelter Zugang &#8211; L\u00e4nge 3.000 mm x H\u00f6he 4.000 mm &#8211; Gelb lackierte Gel\u00e4nder<\/p>\n","protected":false},"featured_media":13610,"template":"","meta":{"inline_featured_image":false},"product_brand":[],"product_cat":[474],"product_tag":[],"class_list":{"0":"post-13608","1":"product","2":"type-product","3":"status-publish","4":"has-post-thumbnail","6":"product_cat-brucken","8":"first","9":"instock","10":"shipping-taxable","11":"product-type-simple"},"_links":{"self":[{"href":"https:\/\/www.esla.eu\/de\/wp-json\/wp\/v2\/product\/13608","targetHints":{"allow":["GET"]}}],"collection":[{"href":"https:\/\/www.esla.eu\/de\/wp-json\/wp\/v2\/product"}],"about":[{"href":"https:\/\/www.esla.eu\/de\/wp-json\/wp\/v2\/types\/product"}],"wp:featuredmedia":[{"embeddable":true,"href":"https:\/\/www.esla.eu\/de\/wp-json\/wp\/v2\/media\/13610"}],"wp:attachment":[{"href":"https:\/\/www.esla.eu\/de\/wp-json\/wp\/v2\/media?parent=13608"}],"wp:term":[{"taxonomy":"product_brand","embeddable":true,"href":"https:\/\/www.esla.eu\/de\/wp-json\/wp\/v2\/product_brand?post=13608"},{"taxonomy":"product_cat","embeddable":true,"href":"https:\/\/www.esla.eu\/de\/wp-json\/wp\/v2\/product_cat?post=13608"},{"taxonomy":"product_tag","embeddable":true,"href":"https:\/\/www.esla.eu\/de\/wp-json\/wp\/v2\/product_tag?post=13608"}],"curies":[{"name":"wp","href":"https:\/\/api.w.org\/{rel}","templated":true}]}}

2030166 &#8211; Mobile Brücke mit doppeltem Zugang

<p>Mobile Aluminiumbrücke</p>
<p>&#8211; Doppelter Zugang</p>
<p>&#8211; Länge 3.000 mm x Höhe 4.000 mm</p>
<p>&#8211; Gelb lackierte Geländer</p>

<p>Mobile Aluminiumbrücke &#8211; Doppelter Zugang &#8211; Länge 3.000 mm x Höhe 4.000 mm &#8211; Gelb lackierte Geländer</p>
