{"id":13666,"date":"2024-03-18T11:22:09","date_gmt":"2024-03-18T10:22:09","guid":{"rendered":"https:\/\/www.esla.eu\/productos\/unkategorisiert\/2010940-mobile-plattform\/"},"modified":"2026-01-30T18:07:33","modified_gmt":"2026-01-30T17:07:33","slug":"2010940-mobile-plattform","status":"publish","type":"product","link":"https:\/\/www.esla.eu\/de\/productos\/sonderloesungen\/fahrbare-plattformen\/2010940-mobile-plattform\/","title":{"rendered":"2010940 &#8211; Mobile Plattform"},"content":{"rendered":"<p>Mobile Aluminium-Plattform f\u00fcr die Maschinenwartung<\/p>\n<p>&#8211; 4 R\u00e4der mit 4 x 4 Bremssystem gleichzeitig<\/p>\n<p>&#8211; Seitent\u00fcren mit Feder f\u00fcr den Zugang<\/p>\n","protected":false},"excerpt":{"rendered":"<p>Mobile Aluminium-Plattform f\u00fcr die Maschinenwartung &#8211; 4 R\u00e4der mit 4 x 4 Bremssystem gleichzeitig &#8211; Seitent\u00fcren mit Feder f\u00fcr den Zugang<\/p>\n","protected":false},"featured_media":13668,"template":"","meta":{"inline_featured_image":false},"product_brand":[],"product_cat":[472],"product_tag":[],"class_list":{"0":"post-13666","1":"product","2":"type-product","3":"status-publish","4":"has-post-thumbnail","6":"product_cat-fahrbare-plattformen","8":"first","9":"instock","10":"shipping-taxable","11":"product-type-simple"},"_links":{"self":[{"href":"https:\/\/www.esla.eu\/de\/wp-json\/wp\/v2\/product\/13666","targetHints":{"allow":["GET"]}}],"collection":[{"href":"https:\/\/www.esla.eu\/de\/wp-json\/wp\/v2\/product"}],"about":[{"href":"https:\/\/www.esla.eu\/de\/wp-json\/wp\/v2\/types\/product"}],"wp:featuredmedia":[{"embeddable":true,"href":"https:\/\/www.esla.eu\/de\/wp-json\/wp\/v2\/media\/13668"}],"wp:attachment":[{"href":"https:\/\/www.esla.eu\/de\/wp-json\/wp\/v2\/media?parent=13666"}],"wp:term":[{"taxonomy":"product_brand","embeddable":true,"href":"https:\/\/www.esla.eu\/de\/wp-json\/wp\/v2\/product_brand?post=13666"},{"taxonomy":"product_cat","embeddable":true,"href":"https:\/\/www.esla.eu\/de\/wp-json\/wp\/v2\/product_cat?post=13666"},{"taxonomy":"product_tag","embeddable":true,"href":"https:\/\/www.esla.eu\/de\/wp-json\/wp\/v2\/product_tag?post=13666"}],"curies":[{"name":"wp","href":"https:\/\/api.w.org\/{rel}","templated":true}]}}

<p>Mobile Aluminium-Plattform für die Maschinenwartung</p>
<p>&#8211; 4 Räder mit 4 x 4 Bremssystem gleichzeitig</p>
<p>&#8211; Seitentüren mit Feder für den Zugang</p>

<p>Mobile Aluminium-Plattform für die Maschinenwartung &#8211; 4 Räder mit 4 x 4 Bremssystem gleichzeitig &#8211; Seitentüren mit Feder für den Zugang</p>
