{"id":13679,"date":"2024-03-18T11:18:17","date_gmt":"2024-03-18T10:18:17","guid":{"rendered":"https:\/\/www.esla.eu\/productos\/unkategorisiert\/2011017-mobile-zugangs-arbeitsbuehne\/"},"modified":"2026-01-30T18:08:57","modified_gmt":"2026-01-30T17:08:57","slug":"2011017-mobile-zugangs-arbeitsbuehne","status":"publish","type":"product","link":"https:\/\/www.esla.eu\/de\/productos\/sonderloesungen\/fahrbare-plattformen\/2011017-mobile-zugangs-arbeitsbuehne\/","title":{"rendered":"2011017 &#8211; Mobile Zugangs-Arbeitsb\u00fchne"},"content":{"rendered":"<p>Mobile Aluminium-Arbeitsb\u00fchne f\u00fcr den Zugang ins Innere einer Maschine<\/p>\n<p>&#8211; 4 Lenkrollen<\/p>\n<p>&#8211; Ausleger<\/p>\n<p>&#8211; Schutzgel\u00e4nder<\/p>\n","protected":false},"excerpt":{"rendered":"<p>Mobile Aluminium-Arbeitsb\u00fchne f\u00fcr den Zugang ins Innere einer Maschine &#8211; 4 Lenkrollen &#8211; Ausleger &#8211; Schutzgel\u00e4nder<\/p>\n","protected":false},"featured_media":13682,"template":"","meta":{"inline_featured_image":false},"product_brand":[],"product_cat":[472],"product_tag":[],"class_list":{"0":"post-13679","1":"product","2":"type-product","3":"status-publish","4":"has-post-thumbnail","6":"product_cat-fahrbare-plattformen","8":"first","9":"instock","10":"shipping-taxable","11":"product-type-simple"},"_links":{"self":[{"href":"https:\/\/www.esla.eu\/de\/wp-json\/wp\/v2\/product\/13679","targetHints":{"allow":["GET"]}}],"collection":[{"href":"https:\/\/www.esla.eu\/de\/wp-json\/wp\/v2\/product"}],"about":[{"href":"https:\/\/www.esla.eu\/de\/wp-json\/wp\/v2\/types\/product"}],"wp:featuredmedia":[{"embeddable":true,"href":"https:\/\/www.esla.eu\/de\/wp-json\/wp\/v2\/media\/13682"}],"wp:attachment":[{"href":"https:\/\/www.esla.eu\/de\/wp-json\/wp\/v2\/media?parent=13679"}],"wp:term":[{"taxonomy":"product_brand","embeddable":true,"href":"https:\/\/www.esla.eu\/de\/wp-json\/wp\/v2\/product_brand?post=13679"},{"taxonomy":"product_cat","embeddable":true,"href":"https:\/\/www.esla.eu\/de\/wp-json\/wp\/v2\/product_cat?post=13679"},{"taxonomy":"product_tag","embeddable":true,"href":"https:\/\/www.esla.eu\/de\/wp-json\/wp\/v2\/product_tag?post=13679"}],"curies":[{"name":"wp","href":"https:\/\/api.w.org\/{rel}","templated":true}]}}

2011017 &#8211; Mobile Zugangs-Arbeitsbühne

<p>Mobile Aluminium-Arbeitsbühne für den Zugang ins Innere einer Maschine</p>
<p>&#8211; 4 Lenkrollen</p>
<p>&#8211; Ausleger</p>
<p>&#8211; Schutzgeländer</p>

<p>Mobile Aluminium-Arbeitsbühne für den Zugang ins Innere einer Maschine &#8211; 4 Lenkrollen &#8211; Ausleger &#8211; Schutzgeländer</p>
