{"id":13720,"date":"2024-03-18T10:45:07","date_gmt":"2024-03-18T09:45:07","guid":{"rendered":"https:\/\/www.esla.eu\/productos\/unkategorisiert\/2001574-mobile-aluminiumplattform-mit-verstellbaren-handlaeufen\/"},"modified":"2026-01-30T18:30:44","modified_gmt":"2026-01-30T17:30:44","slug":"2001574-mobile-aluminiumplattform-mit-verstellbaren-handlaeufen","status":"publish","type":"product","link":"https:\/\/www.esla.eu\/de\/productos\/sonderloesungen\/fahrbare-plattformen\/2001574-mobile-aluminiumplattform-mit-verstellbaren-handlaeufen\/","title":{"rendered":"2001574 &#8211; Mobile Aluminiumplattform mit verstellbaren Handl\u00e4ufen"},"content":{"rendered":"<p>&#8211; Entwickelt f\u00fcr den Zugang zum Stra\u00dfenbahndach<\/p>\n<p>&#8211; Die obere Gel\u00e4nderbaugruppe ist h\u00f6henverstellbar<\/p>\n<p>&#8211; Verf\u00fcgt \u00fcber Nivellierf\u00fc\u00dfe<\/p>\n<p>&#8211; Unterrahmen aus Stahl und der Rest der Struktur aus Aluminium<\/p>\n<p>&#8211; Dreifachr\u00e4der, um eine gute Transportf\u00e4higkeit der Plattform zu gew\u00e4hrleisten<\/p>\n<p>&#8211; Der Rahmen ist so ausgestattet, dass er mit einem Wagen bewegt werden kann<\/p>\n","protected":false},"excerpt":{"rendered":"<p>&#8211; Entwickelt f\u00fcr den Zugang zum Stra\u00dfenbahndach &#8211; Die obere Gel\u00e4nderbaugruppe ist h\u00f6henverstellbar &#8211; Verf\u00fcgt \u00fcber Nivellierf\u00fc\u00dfe &#8211; Unterrahmen aus Stahl und der Rest der Struktur aus Aluminium &#8211; Dreifachr\u00e4der, um eine gute Transportf\u00e4higkeit der Plattform zu gew\u00e4hrleisten &#8211; Der Rahmen ist so ausgestattet, dass er mit einem Wagen bewegt werden kann<\/p>\n","protected":false},"featured_media":13354,"template":"","meta":{"inline_featured_image":false},"product_brand":[],"product_cat":[472],"product_tag":[],"class_list":{"0":"post-13720","1":"product","2":"type-product","3":"status-publish","4":"has-post-thumbnail","6":"product_cat-fahrbare-plattformen","8":"first","9":"instock","10":"shipping-taxable","11":"product-type-simple"},"_links":{"self":[{"href":"https:\/\/www.esla.eu\/de\/wp-json\/wp\/v2\/product\/13720","targetHints":{"allow":["GET"]}}],"collection":[{"href":"https:\/\/www.esla.eu\/de\/wp-json\/wp\/v2\/product"}],"about":[{"href":"https:\/\/www.esla.eu\/de\/wp-json\/wp\/v2\/types\/product"}],"wp:featuredmedia":[{"embeddable":true,"href":"https:\/\/www.esla.eu\/de\/wp-json\/wp\/v2\/media\/13354"}],"wp:attachment":[{"href":"https:\/\/www.esla.eu\/de\/wp-json\/wp\/v2\/media?parent=13720"}],"wp:term":[{"taxonomy":"product_brand","embeddable":true,"href":"https:\/\/www.esla.eu\/de\/wp-json\/wp\/v2\/product_brand?post=13720"},{"taxonomy":"product_cat","embeddable":true,"href":"https:\/\/www.esla.eu\/de\/wp-json\/wp\/v2\/product_cat?post=13720"},{"taxonomy":"product_tag","embeddable":true,"href":"https:\/\/www.esla.eu\/de\/wp-json\/wp\/v2\/product_tag?post=13720"}],"curies":[{"name":"wp","href":"https:\/\/api.w.org\/{rel}","templated":true}]}}

2001574 &#8211; Mobile Aluminiumplattform mit verstellbaren Handläufen

<p>&#8211; Entwickelt für den Zugang zum Straßenbahndach</p>
<p>&#8211; Die obere Geländerbaugruppe ist höhenverstellbar</p>
<p>&#8211; Verfügt über Nivellierfüße</p>
<p>&#8211; Unterrahmen aus Stahl und der Rest der Struktur aus Aluminium</p>
<p>&#8211; Dreifachräder, um eine gute Transportfähigkeit der Plattform zu gewährleisten</p>
<p>&#8211; Der Rahmen ist so ausgestattet, dass er mit einem Wagen bewegt werden kann</p>

<p>&#8211; Entwickelt für den Zugang zum Straßenbahndach &#8211; Die obere Geländerbaugruppe ist höhenverstellbar &#8211; Verfügt über Nivellierfüße &#8211; Unterrahmen aus Stahl und der Rest der Struktur aus Aluminium &#8211; Dreifachräder, um eine gute Transportfähigkeit der Plattform zu gewährleisten &#8211; Der Rahmen ist so ausgestattet, dass er mit einem Wagen bewegt werden kann</p>
