{"id":13805,"date":"2024-03-18T12:37:44","date_gmt":"2024-03-18T11:37:44","guid":{"rendered":"https:\/\/www.esla.eu\/productos\/unkategorisiert\/2010843-hoehe-der-fahrbaren-plattform-273-meter-ohne-zubehoer-fuer-die-kraftstoffversorgung\/"},"modified":"2024-03-18T12:37:44","modified_gmt":"2024-03-18T11:37:44","slug":"2010843-hoehe-der-fahrbaren-plattform-273-meter-ohne-zubehoer-fuer-die-kraftstoffversorgung","status":"publish","type":"product","link":"https:\/\/www.esla.eu\/de\/productos\/sonderloesungen\/hohenverstellbare-wartungsplattformen-2\/2010843-hoehe-der-fahrbaren-plattform-273-meter-ohne-zubehoer-fuer-die-kraftstoffversorgung\/","title":{"rendered":"2010843 \u2013 H\u00f6he der fahrbaren Plattform 2,73 Meter ohne Zubeh\u00f6r f\u00fcr die Kraftstoffversorgung"},"content":{"rendered":"<p>Diese Plattform umfasst einen verzinkten Rahmen, Gummif\u00fc\u00dfe, eine Deichsel, eine Haspel und Luftreifen.<\/p>\n","protected":false},"excerpt":{"rendered":"<p>Diese Plattform umfasst einen verzinkten Rahmen, Gummif\u00fc\u00dfe, eine Deichsel, eine Haspel und Luftreifen.<\/p>\n","protected":false},"featured_media":13808,"template":"","meta":{"inline_featured_image":false},"product_brand":[],"product_cat":[481],"product_tag":[],"class_list":{"0":"post-13805","1":"product","2":"type-product","3":"status-publish","4":"has-post-thumbnail","6":"product_cat-hohenverstellbare-wartungsplattformen-2","8":"first","9":"instock","10":"shipping-taxable","11":"product-type-simple"},"_links":{"self":[{"href":"https:\/\/www.esla.eu\/de\/wp-json\/wp\/v2\/product\/13805","targetHints":{"allow":["GET"]}}],"collection":[{"href":"https:\/\/www.esla.eu\/de\/wp-json\/wp\/v2\/product"}],"about":[{"href":"https:\/\/www.esla.eu\/de\/wp-json\/wp\/v2\/types\/product"}],"wp:featuredmedia":[{"embeddable":true,"href":"https:\/\/www.esla.eu\/de\/wp-json\/wp\/v2\/media\/13808"}],"wp:attachment":[{"href":"https:\/\/www.esla.eu\/de\/wp-json\/wp\/v2\/media?parent=13805"}],"wp:term":[{"taxonomy":"product_brand","embeddable":true,"href":"https:\/\/www.esla.eu\/de\/wp-json\/wp\/v2\/product_brand?post=13805"},{"taxonomy":"product_cat","embeddable":true,"href":"https:\/\/www.esla.eu\/de\/wp-json\/wp\/v2\/product_cat?post=13805"},{"taxonomy":"product_tag","embeddable":true,"href":"https:\/\/www.esla.eu\/de\/wp-json\/wp\/v2\/product_tag?post=13805"}],"curies":[{"name":"wp","href":"https:\/\/api.w.org\/{rel}","templated":true}]}}

2010843 – Höhe der fahrbaren Plattform 2,73 Meter ohne Zubehör für die Kraftstoffversorgung

<p>Diese Plattform umfasst einen verzinkten Rahmen, Gummifüße, eine Deichsel, eine Haspel und Luftreifen.</p>
