{"id":13819,"date":"2024-03-18T12:25:43","date_gmt":"2024-03-18T11:25:43","guid":{"rendered":"https:\/\/www.esla.eu\/productos\/unkategorisiert\/2010877-mobile-aluminiumplattform-mit-verstellbarer-hoehe\/"},"modified":"2026-01-29T20:43:25","modified_gmt":"2026-01-29T19:43:25","slug":"2010877-mobile-aluminiumplattform-mit-verstellbarer-hoehe","status":"publish","type":"product","link":"https:\/\/www.esla.eu\/de\/productos\/sonderloesungen\/hohenverstellbare-wartungsplattformen-2\/2010877-mobile-aluminiumplattform-mit-verstellbarer-hoehe\/","title":{"rendered":"2010877 &#8211; Mobile Aluminiumplattform mit verstellbarer H\u00f6he"},"content":{"rendered":"<p>&#8211; Entwickelt f\u00fcr Arbeiten auf dem Dach des Lkw zur Durchf\u00fchrung von Wartungsarbeiten.<\/p>\n<p>&#8211; Deckt einen Bereich zwischen 2660 und 4100 mm ab. Die Bedienung erfolgt manuell \u00fcber eine Kurbel und ein Zahnstangensystem. <\/p>\n<p>&#8211; Oberer Satz von Gel\u00e4ndern, der einen Bereich von 2.100 x 2.200 mm abgrenzt, um sicher arbeiten zu k\u00f6nnen. An den Enden befinden sich ausziehbare St\u00fctzen, die eine Anpassung an das Dach des Lkw erm\u00f6glichen. <\/p>\n<p>&#8211; Ausgestattet mit 4 Schwenkr\u00e4dern zum problemlosen Man\u00f6vrieren auf engstem Raum und Nivellierf\u00fc\u00dfen zur Verbesserung der Stabilit\u00e4t in der Arbeitsposition.<\/p>\n<p>&#8211; Obere Plattform zur Erleichterung des Ausstiegs. Am Ende befinden sich Gummischutzvorrichtungen, um ein Ansto\u00dfen am Fahrzeug zu vermeiden. <\/p>\n","protected":false},"excerpt":{"rendered":"<p>&#8211; Entwickelt f\u00fcr Arbeiten auf dem Dach des Lkw zur Durchf\u00fchrung von Wartungsarbeiten. &#8211; Deckt einen Bereich zwischen 2660 und 4100 mm ab. Die Bedienung erfolgt manuell \u00fcber eine Kurbel und ein Zahnstangensystem. &#8211; Oberer Satz von Gel\u00e4ndern, der einen Bereich von 2.100 x 2.200 mm abgrenzt, um sicher arbeiten zu k\u00f6nnen. An den Enden [&hellip;]<\/p>\n","protected":false},"featured_media":13821,"template":"","meta":{"inline_featured_image":false},"product_brand":[],"product_cat":[481],"product_tag":[],"class_list":{"0":"post-13819","1":"product","2":"type-product","3":"status-publish","4":"has-post-thumbnail","6":"product_cat-hohenverstellbare-wartungsplattformen-2","8":"first","9":"instock","10":"shipping-taxable","11":"product-type-simple"},"_links":{"self":[{"href":"https:\/\/www.esla.eu\/de\/wp-json\/wp\/v2\/product\/13819","targetHints":{"allow":["GET"]}}],"collection":[{"href":"https:\/\/www.esla.eu\/de\/wp-json\/wp\/v2\/product"}],"about":[{"href":"https:\/\/www.esla.eu\/de\/wp-json\/wp\/v2\/types\/product"}],"wp:featuredmedia":[{"embeddable":true,"href":"https:\/\/www.esla.eu\/de\/wp-json\/wp\/v2\/media\/13821"}],"wp:attachment":[{"href":"https:\/\/www.esla.eu\/de\/wp-json\/wp\/v2\/media?parent=13819"}],"wp:term":[{"taxonomy":"product_brand","embeddable":true,"href":"https:\/\/www.esla.eu\/de\/wp-json\/wp\/v2\/product_brand?post=13819"},{"taxonomy":"product_cat","embeddable":true,"href":"https:\/\/www.esla.eu\/de\/wp-json\/wp\/v2\/product_cat?post=13819"},{"taxonomy":"product_tag","embeddable":true,"href":"https:\/\/www.esla.eu\/de\/wp-json\/wp\/v2\/product_tag?post=13819"}],"curies":[{"name":"wp","href":"https:\/\/api.w.org\/{rel}","templated":true}]}}

2010877 &#8211; Mobile Aluminiumplattform mit verstellbarer Höhe

<p>&#8211; Entwickelt für Arbeiten auf dem Dach des Lkw zur Durchführung von Wartungsarbeiten.</p>
<p>&#8211; Deckt einen Bereich zwischen 2660 und 4100 mm ab. Die Bedienung erfolgt manuell über eine Kurbel und ein Zahnstangensystem. </p>
<p>&#8211; Oberer Satz von Geländern, der einen Bereich von 2.100 x 2.200 mm abgrenzt, um sicher arbeiten zu können. An den Enden befinden sich ausziehbare Stützen, die eine Anpassung an das Dach des Lkw ermöglichen. </p>
<p>&#8211; Ausgestattet mit 4 Schwenkrädern zum problemlosen Manövrieren auf engstem Raum und Nivellierfüßen zur Verbesserung der Stabilität in der Arbeitsposition.</p>
<p>&#8211; Obere Plattform zur Erleichterung des Ausstiegs. Am Ende befinden sich Gummischutzvorrichtungen, um ein Anstoßen am Fahrzeug zu vermeiden. </p>

<p>&#8211; Entwickelt für Arbeiten auf dem Dach des Lkw zur Durchführung von Wartungsarbeiten. &#8211; Deckt einen Bereich zwischen 2660 und 4100 mm ab. Die Bedienung erfolgt manuell über eine Kurbel und ein Zahnstangensystem. &#8211; Oberer Satz von Geländern, der einen Bereich von 2.100 x 2.200 mm abgrenzt, um sicher arbeiten zu können. An den Enden [&hellip;]</p>
