{"id":14016,"date":"2024-04-02T09:13:04","date_gmt":"2024-04-02T07:13:04","guid":{"rendered":"https:\/\/www.esla.eu\/productos\/unkategorisiert\/a42010000-bremshebel-set-fuer-vorderrad-45-10105\/"},"modified":"2024-04-02T09:13:04","modified_gmt":"2024-04-02T07:13:04","slug":"a42010000-bremshebel-set-fuer-vorderrad-45-10105","status":"publish","type":"product","link":"https:\/\/www.esla.eu\/de\/productos\/zubehoer\/rader\/a42010000-bremshebel-set-fuer-vorderrad-45-10105\/","title":{"rendered":"A42010000 \u2013 Bremshebel-Set f\u00fcr Vorderrad 45\u00b0 \u2013 10105"},"content":{"rendered":"<p>Set mit 2 Vorderr\u00e4dern mit Hebelbremse<\/p>\n<p>Durch den Einbau hat die Plattform 4 R\u00e4der.<\/p>\n<p>Die 2 hinteren sind zur Erleichterung der Bewegung gef\u00fchrt, und diese sind ungef\u00fchrt, was eine bessere Beweglichkeit in alle Richtungen erm\u00f6glicht.<\/p>\n<p>Serie 10105<\/p>\n","protected":false},"excerpt":{"rendered":"<p>Set mit 2 Vorderr\u00e4dern mit Hebelbremse Durch den Einbau hat die Plattform 4 R\u00e4der. Die 2 hinteren sind zur Erleichterung der Bewegung gef\u00fchrt, und diese sind ungef\u00fchrt, was eine bessere Beweglichkeit in alle Richtungen erm\u00f6glicht. Serie 10105<\/p>\n","protected":false},"featured_media":5188,"template":"","meta":{"inline_featured_image":false},"product_brand":[],"product_cat":[438],"product_tag":[],"class_list":{"0":"post-14016","1":"product","2":"type-product","3":"status-publish","4":"has-post-thumbnail","6":"product_cat-rader","8":"first","9":"instock","10":"shipping-taxable","11":"product-type-simple"},"_links":{"self":[{"href":"https:\/\/www.esla.eu\/de\/wp-json\/wp\/v2\/product\/14016","targetHints":{"allow":["GET"]}}],"collection":[{"href":"https:\/\/www.esla.eu\/de\/wp-json\/wp\/v2\/product"}],"about":[{"href":"https:\/\/www.esla.eu\/de\/wp-json\/wp\/v2\/types\/product"}],"wp:featuredmedia":[{"embeddable":true,"href":"https:\/\/www.esla.eu\/de\/wp-json\/wp\/v2\/media\/5188"}],"wp:attachment":[{"href":"https:\/\/www.esla.eu\/de\/wp-json\/wp\/v2\/media?parent=14016"}],"wp:term":[{"taxonomy":"product_brand","embeddable":true,"href":"https:\/\/www.esla.eu\/de\/wp-json\/wp\/v2\/product_brand?post=14016"},{"taxonomy":"product_cat","embeddable":true,"href":"https:\/\/www.esla.eu\/de\/wp-json\/wp\/v2\/product_cat?post=14016"},{"taxonomy":"product_tag","embeddable":true,"href":"https:\/\/www.esla.eu\/de\/wp-json\/wp\/v2\/product_tag?post=14016"}],"curies":[{"name":"wp","href":"https:\/\/api.w.org\/{rel}","templated":true}]}}

A42010000 – Bremshebel-Set für Vorderrad 45° – 10105

<p>Set mit 2 Vorderrädern mit Hebelbremse</p>
<p>Durch den Einbau hat die Plattform 4 Räder.</p>
<p>Die 2 hinteren sind zur Erleichterung der Bewegung geführt, und diese sind ungeführt, was eine bessere Beweglichkeit in alle Richtungen ermöglicht.</p>
<p>Serie 10105</p>

<p>Set mit 2 Vorderrädern mit Hebelbremse Durch den Einbau hat die Plattform 4 Räder. Die 2 hinteren sind zur Erleichterung der Bewegung geführt, und diese sind ungeführt, was eine bessere Beweglichkeit in alle Richtungen ermöglicht. Serie 10105</p>
