{"id":14121,"date":"2024-03-18T09:10:12","date_gmt":"2024-03-18T08:10:12","guid":{"rendered":"https:\/\/www.esla.eu\/productos\/unkategorisiert\/8373-fahrgeruest-mit-stabilisator-plattformmasse-295-x-130-en-1004\/"},"modified":"2026-01-31T05:36:59","modified_gmt":"2026-01-31T04:36:59","slug":"8373-fahrgeruest-mit-stabilisator-plattformmasse-295-x-130-en-1004","status":"publish","type":"product","link":"https:\/\/www.esla.eu\/de\/productos\/fahrgerust\/8373-fahrgeruest-mit-stabilisator-plattformmasse-295-x-130-en-1004\/","title":{"rendered":"8373 \u2013 Fahrger\u00fcst mit Stabilisator. Plattformma\u00dfe: 2,95 x 1,30 EN 1004"},"content":{"rendered":"<p><strong>Besondere Merkmale<\/strong><\/p>\n<p>Plattformma\u00dfe: 2,95 x 1,30 m<\/p>\n<p>Zul\u00e4ssige H\u00f6chstlast: 150 kg\/m\u00b2<\/p>\n<p>Es ist wichtig, die <strong>Montageanleitung und das Produktdatenblatt<\/strong> (Produktdokumentation) f\u00fcr das Zubeh\u00f6r zu konsultieren, das je nach interner, externer und sonstiger Verwendung erforderlich ist.<\/p>\n","protected":false},"excerpt":{"rendered":"<p>Besondere Merkmale Plattformma\u00dfe: 2,95 x 1,30 m Zul\u00e4ssige H\u00f6chstlast: 150 kg\/m\u00b2 Es ist wichtig, die Montageanleitung und das Produktdatenblatt (Produktdokumentation) f\u00fcr das Zubeh\u00f6r zu konsultieren, das je nach interner, externer und sonstiger Verwendung erforderlich ist.<\/p>\n","protected":false},"featured_media":14124,"template":"","meta":{"inline_featured_image":false},"product_brand":[],"product_cat":[486],"product_tag":[],"class_list":{"0":"post-14121","1":"product","2":"type-product","3":"status-publish","4":"has-post-thumbnail","6":"product_cat-fahrgerust","8":"first","9":"instock","10":"shipping-taxable","11":"product-type-simple"},"_links":{"self":[{"href":"https:\/\/www.esla.eu\/de\/wp-json\/wp\/v2\/product\/14121","targetHints":{"allow":["GET"]}}],"collection":[{"href":"https:\/\/www.esla.eu\/de\/wp-json\/wp\/v2\/product"}],"about":[{"href":"https:\/\/www.esla.eu\/de\/wp-json\/wp\/v2\/types\/product"}],"wp:featuredmedia":[{"embeddable":true,"href":"https:\/\/www.esla.eu\/de\/wp-json\/wp\/v2\/media\/14124"}],"wp:attachment":[{"href":"https:\/\/www.esla.eu\/de\/wp-json\/wp\/v2\/media?parent=14121"}],"wp:term":[{"taxonomy":"product_brand","embeddable":true,"href":"https:\/\/www.esla.eu\/de\/wp-json\/wp\/v2\/product_brand?post=14121"},{"taxonomy":"product_cat","embeddable":true,"href":"https:\/\/www.esla.eu\/de\/wp-json\/wp\/v2\/product_cat?post=14121"},{"taxonomy":"product_tag","embeddable":true,"href":"https:\/\/www.esla.eu\/de\/wp-json\/wp\/v2\/product_tag?post=14121"}],"curies":[{"name":"wp","href":"https:\/\/api.w.org\/{rel}","templated":true}]}}

8373 – Fahrgerüst mit Stabilisator. Plattformmaße: 2,95 x 1,30 EN 1004

<p><strong>Besondere Merkmale</strong></p>
<p>Plattformmaße: 2,95 x 1,30 m</p>
<p>Zulässige Höchstlast: 150 kg/m²</p>
<p>Es ist wichtig, die <strong>Montageanleitung und das Produktdatenblatt</strong> (Produktdokumentation) für das Zubehör zu konsultieren, das je nach interner, externer und sonstiger Verwendung erforderlich ist.</p>

<p>Besondere Merkmale Plattformmaße: 2,95 x 1,30 m Zulässige Höchstlast: 150 kg/m² Es ist wichtig, die Montageanleitung und das Produktdatenblatt (Produktdokumentation) für das Zubehör zu konsultieren, das je nach interner, externer und sonstiger Verwendung erforderlich ist.</p>
