{"id":14265,"date":"2024-03-13T07:48:35","date_gmt":"2024-03-13T06:48:35","guid":{"rendered":"https:\/\/www.esla.eu\/productos\/unkategorisiert\/10103-10105-10100-mobile-arbeitsbuehne-35-45-60-en131-7\/"},"modified":"2026-01-31T08:33:47","modified_gmt":"2026-01-31T07:33:47","slug":"10103-10105-10100-mobile-arbeitsbuehne-35-45-60-en131-7","status":"publish","type":"product","link":"https:\/\/www.esla.eu\/de\/productos\/treppe-mit-plattform\/arbeitsbuhnen\/10103-10105-10100-mobile-arbeitsbuehne-35-45-60-en131-7\/","title":{"rendered":"10103\/10105\/10100 &#8211; Mobile Arbeitsb\u00fchne 35\u00b0\/45\u00b0\/60\u00b0 EN131-7"},"content":{"rendered":"<p style=\"font-weight: 400;\"><b><strong>Besondere Merkmale<\/strong><\/b><\/p>\n<p style=\"font-weight: 400;\">DIE STABILISATOREN K\u00d6NNEN DURCH ANBRINGEN VON GEWICHTEN VERSTELLT WERDEN. Angebot anfordern <\/p>\n<p style=\"font-weight: 400;\">DIE PLATTFORMEN SIND F\u00dcR DEN INNENBEREICH AUSGELEGT. BEI VERWENDUNG IM AUSSENBEREICH BERATUNG EINHOLEN<\/p>\n<p style=\"font-weight: 400;\"><b><strong>Weitere Details<\/strong><\/b><\/p>\n<p style=\"font-weight: 400;\">Extrudierte Profile.<\/p>\n<p style=\"font-weight: 400;\">Mit R\u00e4dern befestigt.<\/p>\n<p style=\"font-weight: 400;\">Horizontale Widerstandsf\u00e4higkeit gegen Umkippen 30 Kilo.<\/p>\n<p style=\"font-weight: 400;\">Hinterr\u00e4der 150 mm (ab 7 Stufen 200 mm) mit Hebelbremse.<\/p>\n<p style=\"font-weight: 400;\">Vordere Griffe zum Festhalten.<\/p>\n<p style=\"font-weight: 400;\">Die Plattform hat 2 eingebaute Gel\u00e4nder.<\/p>\n","protected":false},"excerpt":{"rendered":"<p>Besondere Merkmale DIE STABILISATOREN K\u00d6NNEN DURCH ANBRINGEN VON GEWICHTEN VERSTELLT WERDEN. Angebot anfordern DIE PLATTFORMEN SIND F\u00dcR DEN INNENBEREICH AUSGELEGT. BEI VERWENDUNG IM AUSSENBEREICH BERATUNG EINHOLEN Weitere Details Extrudierte Profile. Mit R\u00e4dern befestigt. Horizontale Widerstandsf\u00e4higkeit gegen Umkippen 30 Kilo. Hinterr\u00e4der 150 mm (ab 7 Stufen 200 mm) mit Hebelbremse. Vordere Griffe zum Festhalten. Die Plattform [&hellip;]<\/p>\n","protected":false},"featured_media":13450,"template":"","meta":{"inline_featured_image":false},"product_brand":[],"product_cat":[437],"product_tag":[],"class_list":{"0":"post-14265","1":"product","2":"type-product","3":"status-publish","4":"has-post-thumbnail","6":"product_cat-arbeitsbuhnen","8":"first","9":"instock","10":"shipping-taxable","11":"purchasable","12":"product-type-variable"},"_links":{"self":[{"href":"https:\/\/www.esla.eu\/de\/wp-json\/wp\/v2\/product\/14265","targetHints":{"allow":["GET"]}}],"collection":[{"href":"https:\/\/www.esla.eu\/de\/wp-json\/wp\/v2\/product"}],"about":[{"href":"https:\/\/www.esla.eu\/de\/wp-json\/wp\/v2\/types\/product"}],"wp:featuredmedia":[{"embeddable":true,"href":"https:\/\/www.esla.eu\/de\/wp-json\/wp\/v2\/media\/13450"}],"wp:attachment":[{"href":"https:\/\/www.esla.eu\/de\/wp-json\/wp\/v2\/media?parent=14265"}],"wp:term":[{"taxonomy":"product_brand","embeddable":true,"href":"https:\/\/www.esla.eu\/de\/wp-json\/wp\/v2\/product_brand?post=14265"},{"taxonomy":"product_cat","embeddable":true,"href":"https:\/\/www.esla.eu\/de\/wp-json\/wp\/v2\/product_cat?post=14265"},{"taxonomy":"product_tag","embeddable":true,"href":"https:\/\/www.esla.eu\/de\/wp-json\/wp\/v2\/product_tag?post=14265"}],"curies":[{"name":"wp","href":"https:\/\/api.w.org\/{rel}","templated":true}]}}

10103/10105/10100 &#8211; Mobile Arbeitsbühne 35°/45°/60° EN131-7

<p style="font-weight: 400;"><b><strong>Besondere Merkmale</strong></b></p>
<p style="font-weight: 400;">DIE STABILISATOREN KÖNNEN DURCH ANBRINGEN VON GEWICHTEN VERSTELLT WERDEN. Angebot anfordern </p>
<p style="font-weight: 400;">DIE PLATTFORMEN SIND FÜR DEN INNENBEREICH AUSGELEGT. BEI VERWENDUNG IM AUSSENBEREICH BERATUNG EINHOLEN</p>
<p style="font-weight: 400;"><b><strong>Weitere Details</strong></b></p>
<p style="font-weight: 400;">Extrudierte Profile.</p>
<p style="font-weight: 400;">Mit Rädern befestigt.</p>
<p style="font-weight: 400;">Horizontale Widerstandsfähigkeit gegen Umkippen 30 Kilo.</p>
<p style="font-weight: 400;">Hinterräder 150 mm (ab 7 Stufen 200 mm) mit Hebelbremse.</p>
<p style="font-weight: 400;">Vordere Griffe zum Festhalten.</p>
<p style="font-weight: 400;">Die Plattform hat 2 eingebaute Geländer.</p>

<p>Besondere Merkmale DIE STABILISATOREN KÖNNEN DURCH ANBRINGEN VON GEWICHTEN VERSTELLT WERDEN. Angebot anfordern DIE PLATTFORMEN SIND FÜR DEN INNENBEREICH AUSGELEGT. BEI VERWENDUNG IM AUSSENBEREICH BERATUNG EINHOLEN Weitere Details Extrudierte Profile. Mit Rädern befestigt. Horizontale Widerstandsfähigkeit gegen Umkippen 30 Kilo. Hinterräder 150 mm (ab 7 Stufen 200 mm) mit Hebelbremse. Vordere Griffe zum Festhalten. Die Plattform [&hellip;]</p>
