{"id":14372,"date":"2024-03-14T10:39:31","date_gmt":"2024-03-14T09:39:31","guid":{"rendered":"https:\/\/www.esla.eu\/productos\/unkategorisiert\/fc7200-2-teilige-transformierbare-glasfaserleiter-en131-1-2-und-en-50528\/"},"modified":"2026-01-31T07:22:24","modified_gmt":"2026-01-31T06:22:24","slug":"fc7200-2-teilige-transformierbare-glasfaserleiter-en131-1-2-und-en-50528","status":"publish","type":"product","link":"https:\/\/www.esla.eu\/de\/productos\/tragbare-leitern\/fc7200-2-teilige-transformierbare-glasfaserleiter-en131-1-2-und-en-50528\/","title":{"rendered":"FC7200 \u2013 2-teilige, transformierbare Glasfaserleiter EN131.1-2 und EN 50528"},"content":{"rendered":"<p><strong>Besondere Merkmale<\/strong><\/p>\n<p>Ungef\u00e4hre maximale Arbeitsh\u00f6he (m): 7<\/p>\n<p>Neigung \u00b0: 75<\/p>\n<p>Sprosse (mm): 30<\/p>\n<p>Breite (mm): 450<\/p>\n<p>Sprossenabstand (mm): 280<\/p>\n<p><strong>Weitere Details<\/strong><\/p>\n<p>Die Kombileiter ist multifunktional, da sie die M\u00f6glichkeit bietet, sie als Schere zu verwenden oder manuell zu verl\u00e4ngern.<\/p>\n<p>Sie verf\u00fcgt \u00fcber zwei Anti-\u00d6ffnungsb\u00e4nder, die zwischen den beiden Leiterteilen angebracht sind.<\/p>\n<p>Isolator gegen elektrische und thermische Einfl\u00fcsse.<\/p>\n<p>Antimagnetisch und best\u00e4ndig gegen Feuchtigkeit, S\u00e4uren, Korrosion und ultraviolette Strahlen.<\/p>\n<p>Gummischuhe an der Basis.<\/p>\n<p>Schrauben und Beschl\u00e4ge aus Edelstahl.<\/p>\n<p>Holme durch Abdeckungen verschlossen und Sprossen mit Stopfen versiegelt.<\/p>\n","protected":false},"excerpt":{"rendered":"<p>Besondere Merkmale Ungef\u00e4hre maximale Arbeitsh\u00f6he (m): 7 Neigung \u00b0: 75 Sprosse (mm): 30 Breite (mm): 450 Sprossenabstand (mm): 280 Weitere Details Die Kombileiter ist multifunktional, da sie die M\u00f6glichkeit bietet, sie als Schere zu verwenden oder manuell zu verl\u00e4ngern. Sie verf\u00fcgt \u00fcber zwei Anti-\u00d6ffnungsb\u00e4nder, die zwischen den beiden Leiterteilen angebracht sind. Isolator gegen elektrische und [&hellip;]<\/p>\n","protected":false},"featured_media":14376,"template":"","meta":{"inline_featured_image":false},"product_brand":[],"product_cat":[480],"product_tag":[],"class_list":{"0":"post-14372","1":"product","2":"type-product","3":"status-publish","4":"has-post-thumbnail","6":"product_cat-tragbare-leitern","8":"first","9":"instock","10":"shipping-taxable","11":"purchasable","12":"product-type-simple"},"_links":{"self":[{"href":"https:\/\/www.esla.eu\/de\/wp-json\/wp\/v2\/product\/14372","targetHints":{"allow":["GET"]}}],"collection":[{"href":"https:\/\/www.esla.eu\/de\/wp-json\/wp\/v2\/product"}],"about":[{"href":"https:\/\/www.esla.eu\/de\/wp-json\/wp\/v2\/types\/product"}],"wp:featuredmedia":[{"embeddable":true,"href":"https:\/\/www.esla.eu\/de\/wp-json\/wp\/v2\/media\/14376"}],"wp:attachment":[{"href":"https:\/\/www.esla.eu\/de\/wp-json\/wp\/v2\/media?parent=14372"}],"wp:term":[{"taxonomy":"product_brand","embeddable":true,"href":"https:\/\/www.esla.eu\/de\/wp-json\/wp\/v2\/product_brand?post=14372"},{"taxonomy":"product_cat","embeddable":true,"href":"https:\/\/www.esla.eu\/de\/wp-json\/wp\/v2\/product_cat?post=14372"},{"taxonomy":"product_tag","embeddable":true,"href":"https:\/\/www.esla.eu\/de\/wp-json\/wp\/v2\/product_tag?post=14372"}],"curies":[{"name":"wp","href":"https:\/\/api.w.org\/{rel}","templated":true}]}}

<p><strong>Besondere Merkmale</strong></p>
<p>Ungefähre maximale Arbeitshöhe (m): 7</p>
<p>Neigung °: 75</p>
<p>Sprosse (mm): 30</p>
<p>Breite (mm): 450</p>
<p>Sprossenabstand (mm): 280</p>
<p><strong>Weitere Details</strong></p>
<p>Die Kombileiter ist multifunktional, da sie die Möglichkeit bietet, sie als Schere zu verwenden oder manuell zu verlängern.</p>
<p>Sie verfügt über zwei Anti-Öffnungsbänder, die zwischen den beiden Leiterteilen angebracht sind.</p>
<p>Isolator gegen elektrische und thermische Einflüsse.</p>
<p>Antimagnetisch und beständig gegen Feuchtigkeit, Säuren, Korrosion und ultraviolette Strahlen.</p>
<p>Gummischuhe an der Basis.</p>
<p>Schrauben und Beschläge aus Edelstahl.</p>
<p>Holme durch Abdeckungen verschlossen und Sprossen mit Stopfen versiegelt.</p>

<p>Besondere Merkmale Ungefähre maximale Arbeitshöhe (m): 7 Neigung °: 75 Sprosse (mm): 30 Breite (mm): 450 Sprossenabstand (mm): 280 Weitere Details Die Kombileiter ist multifunktional, da sie die Möglichkeit bietet, sie als Schere zu verwenden oder manuell zu verlängern. Sie verfügt über zwei Anti-Öffnungsbänder, die zwischen den beiden Leiterteilen angebracht sind. Isolator gegen elektrische und [&hellip;]</p>
