{"id":12195,"date":"2025-02-14T11:20:00","date_gmt":"2025-02-14T10:20:00","guid":{"rendered":"https:\/\/www.esla.eu\/?post_type=product&#038;p=12195"},"modified":"2025-02-17T14:45:35","modified_gmt":"2025-02-17T13:45:35","slug":"2001579-plataforma-movil-regulable-en-altura","status":"publish","type":"product","link":"https:\/\/www.esla.eu\/es\/productos\/soluciones-especiales\/plataformas-regulables-y-remolcables\/2001579-plataforma-movil-regulable-en-altura\/","title":{"rendered":"2001579 &#8211; Plataforma m\u00f3vil regulable en altura"},"content":{"rendered":"<p>Plataforma dise\u00f1ada para trabajar alrededor del cami\u00f3n, brindando una soluci\u00f3n vers\u00e1til y segura para una variedad de tareas de mantenimiento y servicio. Con su dise\u00f1o ergon\u00f3mico y<br \/>\nconstrucci\u00f3n robusta, nuestra plataforma ofrece un acceso conveniente a diferentes \u00e1reas del cami\u00f3n, facilitando as\u00ed las labores de inspecci\u00f3n, reparaci\u00f3n y limpieza.n sistema cremallera<\/p>\n<p>Equipada con caracter\u00edsticas de seguridad integrales, garantizamos un entorno de trabajo protegido para los operarios.<\/p>\n<ul>\n<li>Cubre una regulaci\u00f3n de entre 1800 a 2200 mm. Se acciona de forma manual mediante una manivela y una cremallera.<\/li>\n<li>La escalera de acceso a la plataforma es un paralelogramo que va adaptando su inclinaci\u00f3n a la altura regulable.<\/li>\n<li>Sistema de freno con palanca que bloquea las ruedas al mismo tiempo.<\/li>\n<li>La plataforma est\u00e1 equipada con un perfil goma para evitar el contacto, y tiene un peque\u00f1o voladizo de unos 200 mm para acercarse al veh\u00edculo.<\/li>\n<li>Equipada con barandillas y puerta autom\u00e1tica para garantizar la seguridad de los trabajadores.<\/li>\n<li>Preparada para trabajar 2 personas al mismo tiempo.<\/li>\n<\/ul>\n","protected":false},"excerpt":{"rendered":"<p>Plataforma dise\u00f1ada para trabajar alrededor del cami\u00f3n, brindando una soluci\u00f3n vers\u00e1til y segura para una variedad de tareas de mantenimiento y servicio. Con su dise\u00f1o ergon\u00f3mico y construcci\u00f3n robusta, nuestra plataforma ofrece un acceso conveniente a diferentes \u00e1reas del cami\u00f3n, facilitando as\u00ed las labores de inspecci\u00f3n, reparaci\u00f3n y limpieza.n sistema cremallera Equipada con caracter\u00edsticas de [&hellip;]<\/p>\n","protected":false},"featured_media":12200,"template":"","meta":{"inline_featured_image":false},"product_brand":[],"product_cat":[48,52],"product_tag":[],"class_list":{"0":"post-12195","1":"product","2":"type-product","3":"status-publish","4":"has-post-thumbnail","6":"product_cat-plataformas-elevables","7":"product_cat-plataformas-regulables-y-remolcables","9":"first","10":"instock","11":"shipping-taxable","12":"product-type-simple"},"_links":{"self":[{"href":"https:\/\/www.esla.eu\/es\/wp-json\/wp\/v2\/product\/12195","targetHints":{"allow":["GET"]}}],"collection":[{"href":"https:\/\/www.esla.eu\/es\/wp-json\/wp\/v2\/product"}],"about":[{"href":"https:\/\/www.esla.eu\/es\/wp-json\/wp\/v2\/types\/product"}],"wp:featuredmedia":[{"embeddable":true,"href":"https:\/\/www.esla.eu\/es\/wp-json\/wp\/v2\/media\/12200"}],"wp:attachment":[{"href":"https:\/\/www.esla.eu\/es\/wp-json\/wp\/v2\/media?parent=12195"}],"wp:term":[{"taxonomy":"product_brand","embeddable":true,"href":"https:\/\/www.esla.eu\/es\/wp-json\/wp\/v2\/product_brand?post=12195"},{"taxonomy":"product_cat","embeddable":true,"href":"https:\/\/www.esla.eu\/es\/wp-json\/wp\/v2\/product_cat?post=12195"},{"taxonomy":"product_tag","embeddable":true,"href":"https:\/\/www.esla.eu\/es\/wp-json\/wp\/v2\/product_tag?post=12195"}],"curies":[{"name":"wp","href":"https:\/\/api.w.org\/{rel}","templated":true}]}}

2001579 &#8211; Plataforma móvil regulable en altura

<p>Plataforma diseñada para trabajar alrededor del camión, brindando una solución versátil y segura para una variedad de tareas de mantenimiento y servicio. Con su diseño ergonómico y<br />
construcción robusta, nuestra plataforma ofrece un acceso conveniente a diferentes áreas del camión, facilitando así las labores de inspección, reparación y limpieza.n sistema cremallera</p>
<p>Equipada con características de seguridad integrales, garantizamos un entorno de trabajo protegido para los operarios.</p>
<ul>
<li>Cubre una regulación de entre 1800 a 2200 mm. Se acciona de forma manual mediante una manivela y una cremallera.</li>
<li>La escalera de acceso a la plataforma es un paralelogramo que va adaptando su inclinación a la altura regulable.</li>
<li>Sistema de freno con palanca que bloquea las ruedas al mismo tiempo.</li>
<li>La plataforma está equipada con un perfil goma para evitar el contacto, y tiene un pequeño voladizo de unos 200 mm para acercarse al vehículo.</li>
<li>Equipada con barandillas y puerta automática para garantizar la seguridad de los trabajadores.</li>
<li>Preparada para trabajar 2 personas al mismo tiempo.</li>
</ul>

<p>Plataforma diseñada para trabajar alrededor del camión, brindando una solución versátil y segura para una variedad de tareas de mantenimiento y servicio. Con su diseño ergonómico y construcción robusta, nuestra plataforma ofrece un acceso conveniente a diferentes áreas del camión, facilitando así las labores de inspección, reparación y limpieza.n sistema cremallera Equipada con características de [&hellip;]</p>
