{"id":2020,"date":"2024-03-13T09:10:39","date_gmt":"2024-03-13T08:10:39","guid":{"rendered":"https:\/\/esla.crealogica.eu\/?post_type=product&#038;p=2020"},"modified":"2025-05-29T16:05:59","modified_gmt":"2025-05-29T14:05:59","slug":"4061-escalera-para-apoyar-extensible-de-3-tramos-mecanica-en131-1-2","status":"publish","type":"product","link":"https:\/\/www.esla.eu\/es\/productos\/escaleras-portatiles\/4061-escalera-para-apoyar-extensible-de-3-tramos-mecanica-en131-1-2\/","title":{"rendered":"4061 &#8211; Escalera para apoyar extensible de 3 tramos mec\u00e1nica EN131.1-2"},"content":{"rendered":"<p><strong>Caracter\u00edsticas a destacar<\/strong><\/p>\n<p>Altura m\u00e1xima de trabajo aproximada (mts): 12<\/p>\n<p>Inclinaci\u00f3n \u00b0: 75<\/p>\n<p>Pelda\u00f1o (mm): 30<\/p>\n<p>Ancho (mm): 355 \/ 425 \/ 490<\/p>\n<p>Separaci\u00f3n pelda\u00f1os (mm): 280<\/p>\n<p><strong>Otros detalles<\/strong><\/p>\n<p>Montantes laterales extrusionados ergon\u00f3micos.<\/p>\n<p>Gu\u00edas en acero.<\/p>\n<p>Pies incrustados.<\/p>\n<p>Ruedas en extremo superior que protegen la escalera en la superf\u00edcie de apoyo contra el rozamiento.<\/p>\n<p>La cuerda del tramo superior es de color azul de 10 mm, y la del medio para diferenciarse es naranja de 12 mm.<\/p>\n","protected":false},"excerpt":{"rendered":"<p>Caracter\u00edsticas a destacar Altura m\u00e1xima de trabajo aproximada (mts): 12 Inclinaci\u00f3n \u00b0: 75 Pelda\u00f1o (mm): 30 Ancho (mm): 355 \/ 425 \/ 490 Separaci\u00f3n pelda\u00f1os (mm): 280 Otros detalles Montantes laterales extrusionados ergon\u00f3micos. Gu\u00edas en acero. Pies incrustados. Ruedas en extremo superior que protegen la escalera en la superf\u00edcie de apoyo contra el rozamiento. La [&hellip;]<\/p>\n","protected":false},"featured_media":2026,"template":"","meta":{"inline_featured_image":false},"product_brand":[],"product_cat":[43],"product_tag":[],"class_list":{"0":"post-2020","1":"product","2":"type-product","3":"status-publish","4":"has-post-thumbnail","6":"product_cat-escaleras-portatiles","8":"first","9":"instock","10":"shipping-taxable","11":"purchasable","12":"product-type-simple"},"_links":{"self":[{"href":"https:\/\/www.esla.eu\/es\/wp-json\/wp\/v2\/product\/2020","targetHints":{"allow":["GET"]}}],"collection":[{"href":"https:\/\/www.esla.eu\/es\/wp-json\/wp\/v2\/product"}],"about":[{"href":"https:\/\/www.esla.eu\/es\/wp-json\/wp\/v2\/types\/product"}],"wp:featuredmedia":[{"embeddable":true,"href":"https:\/\/www.esla.eu\/es\/wp-json\/wp\/v2\/media\/2026"}],"wp:attachment":[{"href":"https:\/\/www.esla.eu\/es\/wp-json\/wp\/v2\/media?parent=2020"}],"wp:term":[{"taxonomy":"product_brand","embeddable":true,"href":"https:\/\/www.esla.eu\/es\/wp-json\/wp\/v2\/product_brand?post=2020"},{"taxonomy":"product_cat","embeddable":true,"href":"https:\/\/www.esla.eu\/es\/wp-json\/wp\/v2\/product_cat?post=2020"},{"taxonomy":"product_tag","embeddable":true,"href":"https:\/\/www.esla.eu\/es\/wp-json\/wp\/v2\/product_tag?post=2020"}],"curies":[{"name":"wp","href":"https:\/\/api.w.org\/{rel}","templated":true}]}}

4061 &#8211; Escalera para apoyar extensible de 3 tramos mecánica EN131.1-2

<p><strong>Características a destacar</strong></p>
<p>Altura máxima de trabajo aproximada (mts): 12</p>
<p>Inclinación °: 75</p>
<p>Peldaño (mm): 30</p>
<p>Ancho (mm): 355 / 425 / 490</p>
<p>Separación peldaños (mm): 280</p>
<p><strong>Otros detalles</strong></p>
<p>Montantes laterales extrusionados ergonómicos.</p>
<p>Guías en acero.</p>
<p>Pies incrustados.</p>
<p>Ruedas en extremo superior que protegen la escalera en la superfície de apoyo contra el rozamiento.</p>
<p>La cuerda del tramo superior es de color azul de 10 mm, y la del medio para diferenciarse es naranja de 12 mm.</p>

<p>Características a destacar Altura máxima de trabajo aproximada (mts): 12 Inclinación °: 75 Peldaño (mm): 30 Ancho (mm): 355 / 425 / 490 Separación peldaños (mm): 280 Otros detalles Montantes laterales extrusionados ergonómicos. Guías en acero. Pies incrustados. Ruedas en extremo superior que protegen la escalera en la superfície de apoyo contra el rozamiento. La [&hellip;]</p>
