{"id":2217,"date":"2024-03-13T11:30:41","date_gmt":"2024-03-13T10:30:41","guid":{"rendered":"https:\/\/esla.crealogica.eu\/?post_type=product&#038;p=2217"},"modified":"2025-05-29T16:05:56","modified_gmt":"2025-05-29T14:05:56","slug":"6046-escalera-para-apoyar-extensible-de-2-tramos-en131-1-2","status":"publish","type":"product","link":"https:\/\/www.esla.eu\/es\/productos\/escaleras-portatiles\/6046-escalera-para-apoyar-extensible-de-2-tramos-en131-1-2\/","title":{"rendered":"6046 &#8211; Escalera para apoyar extensible de 2 tramos EN131.1-2"},"content":{"rendered":"<p><strong>Caracter\u00edsticas a destacar<\/strong><\/p>\n<p>Altura m\u00e1xima de trabajo aproximada (mts): 10<\/p>\n<p>Inclinaci\u00f3n \u00b0: 75<\/p>\n<p>Pelda\u00f1o (mm): 30<\/p>\n<p>Ancho (mm): 425<\/p>\n<p>Separaci\u00f3n pelda\u00f1os (mm): 280<\/p>\n<p><strong>Otros detalles<\/strong><\/p>\n<p>Montantes laterales extrusionados ergon\u00f3micos.<\/p>\n<p>Gu\u00edas en acero recubiertas con pl\u00e1stico interior para mejorar el deslizamiento.<\/p>\n<p>Pies basculantes con m\u00e1s superf\u00edcie de apoyo.<\/p>\n<p>A partir de 14 pelda\u00f1os ruedas en extremo superior que protegen la escalera en la superf\u00edcie de apoyo contra el rozamiento.<\/p>\n<p>A partir de 8 pelda\u00f1os estabilizador curvado incorporado.<\/p>\n<p>Tirantes refuerzo primer pelda\u00f1o.<\/p>\n","protected":false},"excerpt":{"rendered":"<p>Caracter\u00edsticas a destacar Altura m\u00e1xima de trabajo aproximada (mts): 10 Inclinaci\u00f3n \u00b0: 75 Pelda\u00f1o (mm): 30 Ancho (mm): 425 Separaci\u00f3n pelda\u00f1os (mm): 280 Otros detalles Montantes laterales extrusionados ergon\u00f3micos. Gu\u00edas en acero recubiertas con pl\u00e1stico interior para mejorar el deslizamiento. Pies basculantes con m\u00e1s superf\u00edcie de apoyo. A partir de 14 pelda\u00f1os ruedas en extremo [&hellip;]<\/p>\n","protected":false},"featured_media":2223,"template":"","meta":{"inline_featured_image":false},"product_brand":[],"product_cat":[43],"product_tag":[],"class_list":{"0":"post-2217","1":"product","2":"type-product","3":"status-publish","4":"has-post-thumbnail","6":"product_cat-escaleras-portatiles","8":"first","9":"instock","10":"shipping-taxable","11":"purchasable","12":"product-type-simple"},"_links":{"self":[{"href":"https:\/\/www.esla.eu\/es\/wp-json\/wp\/v2\/product\/2217","targetHints":{"allow":["GET"]}}],"collection":[{"href":"https:\/\/www.esla.eu\/es\/wp-json\/wp\/v2\/product"}],"about":[{"href":"https:\/\/www.esla.eu\/es\/wp-json\/wp\/v2\/types\/product"}],"wp:featuredmedia":[{"embeddable":true,"href":"https:\/\/www.esla.eu\/es\/wp-json\/wp\/v2\/media\/2223"}],"wp:attachment":[{"href":"https:\/\/www.esla.eu\/es\/wp-json\/wp\/v2\/media?parent=2217"}],"wp:term":[{"taxonomy":"product_brand","embeddable":true,"href":"https:\/\/www.esla.eu\/es\/wp-json\/wp\/v2\/product_brand?post=2217"},{"taxonomy":"product_cat","embeddable":true,"href":"https:\/\/www.esla.eu\/es\/wp-json\/wp\/v2\/product_cat?post=2217"},{"taxonomy":"product_tag","embeddable":true,"href":"https:\/\/www.esla.eu\/es\/wp-json\/wp\/v2\/product_tag?post=2217"}],"curies":[{"name":"wp","href":"https:\/\/api.w.org\/{rel}","templated":true}]}}

<p><strong>Características a destacar</strong></p>
<p>Altura máxima de trabajo aproximada (mts): 10</p>
<p>Inclinación °: 75</p>
<p>Peldaño (mm): 30</p>
<p>Ancho (mm): 425</p>
<p>Separación peldaños (mm): 280</p>
<p><strong>Otros detalles</strong></p>
<p>Montantes laterales extrusionados ergonómicos.</p>
<p>Guías en acero recubiertas con plástico interior para mejorar el deslizamiento.</p>
<p>Pies basculantes con más superfície de apoyo.</p>
<p>A partir de 14 peldaños ruedas en extremo superior que protegen la escalera en la superfície de apoyo contra el rozamiento.</p>
<p>A partir de 8 peldaños estabilizador curvado incorporado.</p>
<p>Tirantes refuerzo primer peldaño.</p>

<p>Características a destacar Altura máxima de trabajo aproximada (mts): 10 Inclinación °: 75 Peldaño (mm): 30 Ancho (mm): 425 Separación peldaños (mm): 280 Otros detalles Montantes laterales extrusionados ergonómicos. Guías en acero recubiertas con plástico interior para mejorar el deslizamiento. Pies basculantes con más superfície de apoyo. A partir de 14 peldaños ruedas en extremo [&hellip;]</p>
