{"id":2236,"date":"2024-03-13T11:39:41","date_gmt":"2024-03-13T10:39:41","guid":{"rendered":"https:\/\/esla.crealogica.eu\/?post_type=product&#038;p=2236"},"modified":"2025-05-29T16:05:56","modified_gmt":"2025-05-29T14:05:56","slug":"f6100-escaleras-para-apoyar-1-tramo-fibra-de-vidrio-en-131-1-en-131-2-i-en-50528","status":"publish","type":"product","link":"https:\/\/www.esla.eu\/es\/productos\/escaleras-portatiles\/f6100-escaleras-para-apoyar-1-tramo-fibra-de-vidrio-en-131-1-en-131-2-i-en-50528\/","title":{"rendered":"F6100 &#8211; Escaleras para apoyar 1 tramo fibra de vidrio EN 131.1 \u2013 EN 131.2 i EN 50528"},"content":{"rendered":"<p><strong>Caracter\u00edsticas a destacar<\/strong><\/p>\n<p>Altura m\u00e1xima de trabajo aproximada (mts): 7<\/p>\n<p>Inclinaci\u00f3n \u00b0: 75<\/p>\n<p>Pelda\u00f1o (mm): 30<\/p>\n<p>Ancho (mm): 400\/450<\/p>\n<p>Separaci\u00f3n pelda\u00f1os (mm): 290<\/p>\n<p><strong>Otros detalles<\/strong><\/p>\n<p>Equipada con zapatas basculantes a partir del modelo F6110. Modelos inferiores pies fijos.<\/p>\n<p>Aislante ante agentes el\u00e9ctricos y t\u00e9rmicos.<\/p>\n<p>Antimagn\u00e9ticas y resistentes a la humedad, los \u00e1cidos, la corrosi\u00f3n y los rayos ultravioletas.<\/p>\n<p>Torniller\u00eda y herrajes en acero inoxidable.<\/p>\n<p>Montantes cerrados por tapas y pelda\u00f1os sellados con tapones.<\/p>\n","protected":false},"excerpt":{"rendered":"<p>Caracter\u00edsticas a destacar Altura m\u00e1xima de trabajo aproximada (mts): 7 Inclinaci\u00f3n \u00b0: 75 Pelda\u00f1o (mm): 30 Ancho (mm): 400\/450 Separaci\u00f3n pelda\u00f1os (mm): 290 Otros detalles Equipada con zapatas basculantes a partir del modelo F6110. Modelos inferiores pies fijos. Aislante ante agentes el\u00e9ctricos y t\u00e9rmicos. Antimagn\u00e9ticas y resistentes a la humedad, los \u00e1cidos, la corrosi\u00f3n y [&hellip;]<\/p>\n","protected":false},"featured_media":2243,"template":"","meta":{"inline_featured_image":false},"product_brand":[],"product_cat":[43],"product_tag":[],"class_list":{"0":"post-2236","1":"product","2":"type-product","3":"status-publish","4":"has-post-thumbnail","6":"product_cat-escaleras-portatiles","8":"first","9":"instock","10":"shipping-taxable","11":"purchasable","12":"product-type-simple"},"_links":{"self":[{"href":"https:\/\/www.esla.eu\/es\/wp-json\/wp\/v2\/product\/2236","targetHints":{"allow":["GET"]}}],"collection":[{"href":"https:\/\/www.esla.eu\/es\/wp-json\/wp\/v2\/product"}],"about":[{"href":"https:\/\/www.esla.eu\/es\/wp-json\/wp\/v2\/types\/product"}],"wp:featuredmedia":[{"embeddable":true,"href":"https:\/\/www.esla.eu\/es\/wp-json\/wp\/v2\/media\/2243"}],"wp:attachment":[{"href":"https:\/\/www.esla.eu\/es\/wp-json\/wp\/v2\/media?parent=2236"}],"wp:term":[{"taxonomy":"product_brand","embeddable":true,"href":"https:\/\/www.esla.eu\/es\/wp-json\/wp\/v2\/product_brand?post=2236"},{"taxonomy":"product_cat","embeddable":true,"href":"https:\/\/www.esla.eu\/es\/wp-json\/wp\/v2\/product_cat?post=2236"},{"taxonomy":"product_tag","embeddable":true,"href":"https:\/\/www.esla.eu\/es\/wp-json\/wp\/v2\/product_tag?post=2236"}],"curies":[{"name":"wp","href":"https:\/\/api.w.org\/{rel}","templated":true}]}}

<p><strong>Características a destacar</strong></p>
<p>Altura máxima de trabajo aproximada (mts): 7</p>
<p>Inclinación °: 75</p>
<p>Peldaño (mm): 30</p>
<p>Ancho (mm): 400/450</p>
<p>Separación peldaños (mm): 290</p>
<p><strong>Otros detalles</strong></p>
<p>Equipada con zapatas basculantes a partir del modelo F6110. Modelos inferiores pies fijos.</p>
<p>Aislante ante agentes eléctricos y térmicos.</p>
<p>Antimagnéticas y resistentes a la humedad, los ácidos, la corrosión y los rayos ultravioletas.</p>
<p>Tornillería y herrajes en acero inoxidable.</p>
<p>Montantes cerrados por tapas y peldaños sellados con tapones.</p>

<p>Características a destacar Altura máxima de trabajo aproximada (mts): 7 Inclinación °: 75 Peldaño (mm): 30 Ancho (mm): 400/450 Separación peldaños (mm): 290 Otros detalles Equipada con zapatas basculantes a partir del modelo F6110. Modelos inferiores pies fijos. Aislante ante agentes eléctricos y térmicos. Antimagnéticas y resistentes a la humedad, los ácidos, la corrosión y [&hellip;]</p>
