{"id":2249,"date":"2024-03-13T11:44:49","date_gmt":"2024-03-13T10:44:49","guid":{"rendered":"https:\/\/esla.crealogica.eu\/?post_type=product&#038;p=2249"},"modified":"2025-05-29T16:05:56","modified_gmt":"2025-05-29T14:05:56","slug":"6047-escalera-de-aluminio-transformable-de-3-tramos-en131-1-2","status":"publish","type":"product","link":"https:\/\/www.esla.eu\/es\/productos\/escaleras-portatiles\/6047-escalera-de-aluminio-transformable-de-3-tramos-en131-1-2\/","title":{"rendered":"6047 &#8211; Escalera de aluminio transformable de 3 tramos EN131.1-2"},"content":{"rendered":"<p><strong>Caracter\u00edsticas a destacar<\/strong><\/p>\n<p>Altura m\u00e1xima de trabajo aproximada (mts): 10,5 apoyada \/ 7,5 sin apoyar<\/p>\n<p>Inclinaci\u00f3n \u00b0: 75<\/p>\n<p>Pelda\u00f1o (mm): 30<\/p>\n<p>Ancho (mm): 355 \/ 425 \/ 490 (1030-1150)<\/p>\n<p>Separaci\u00f3n pelda\u00f1os (mm): 280<\/p>\n<p><strong>Otros detalles<\/strong><\/p>\n<p>Gu\u00edas en acero recubiertas con pl\u00e1stico interior para mejorar el deslizamiento.<\/p>\n<p>Estabilizador curvado que libera 125 mm del suelo.<\/p>\n<p>Ruedas en extremo superior que protegen la escalera en la superf\u00edcie de apoyo contra el rozamiento a partir de 10 pelda\u00f1os.<\/p>\n<p>Tirantes refuerzo primer pelda\u00f1o.<\/p>\n<p>Pieza fijaci\u00f3n para cuando se utiliza sobre una escalera de obra. Incluida hasta el modelo 3 x 9.<\/p>\n","protected":false},"excerpt":{"rendered":"<p>Caracter\u00edsticas a destacar Altura m\u00e1xima de trabajo aproximada (mts): 10,5 apoyada \/ 7,5 sin apoyar Inclinaci\u00f3n \u00b0: 75 Pelda\u00f1o (mm): 30 Ancho (mm): 355 \/ 425 \/ 490 (1030-1150) Separaci\u00f3n pelda\u00f1os (mm): 280 Otros detalles Gu\u00edas en acero recubiertas con pl\u00e1stico interior para mejorar el deslizamiento. Estabilizador curvado que libera 125 mm del suelo. Ruedas [&hellip;]<\/p>\n","protected":false},"featured_media":2255,"template":"","meta":{"inline_featured_image":false},"product_brand":[],"product_cat":[43],"product_tag":[],"class_list":{"0":"post-2249","1":"product","2":"type-product","3":"status-publish","4":"has-post-thumbnail","6":"product_cat-escaleras-portatiles","8":"first","9":"instock","10":"shipping-taxable","11":"purchasable","12":"product-type-simple"},"_links":{"self":[{"href":"https:\/\/www.esla.eu\/es\/wp-json\/wp\/v2\/product\/2249","targetHints":{"allow":["GET"]}}],"collection":[{"href":"https:\/\/www.esla.eu\/es\/wp-json\/wp\/v2\/product"}],"about":[{"href":"https:\/\/www.esla.eu\/es\/wp-json\/wp\/v2\/types\/product"}],"wp:featuredmedia":[{"embeddable":true,"href":"https:\/\/www.esla.eu\/es\/wp-json\/wp\/v2\/media\/2255"}],"wp:attachment":[{"href":"https:\/\/www.esla.eu\/es\/wp-json\/wp\/v2\/media?parent=2249"}],"wp:term":[{"taxonomy":"product_brand","embeddable":true,"href":"https:\/\/www.esla.eu\/es\/wp-json\/wp\/v2\/product_brand?post=2249"},{"taxonomy":"product_cat","embeddable":true,"href":"https:\/\/www.esla.eu\/es\/wp-json\/wp\/v2\/product_cat?post=2249"},{"taxonomy":"product_tag","embeddable":true,"href":"https:\/\/www.esla.eu\/es\/wp-json\/wp\/v2\/product_tag?post=2249"}],"curies":[{"name":"wp","href":"https:\/\/api.w.org\/{rel}","templated":true}]}}

<p><strong>Características a destacar</strong></p>
<p>Altura máxima de trabajo aproximada (mts): 10,5 apoyada / 7,5 sin apoyar</p>
<p>Inclinación °: 75</p>
<p>Peldaño (mm): 30</p>
<p>Ancho (mm): 355 / 425 / 490 (1030-1150)</p>
<p>Separación peldaños (mm): 280</p>
<p><strong>Otros detalles</strong></p>
<p>Guías en acero recubiertas con plástico interior para mejorar el deslizamiento.</p>
<p>Estabilizador curvado que libera 125 mm del suelo.</p>
<p>Ruedas en extremo superior que protegen la escalera en la superfície de apoyo contra el rozamiento a partir de 10 peldaños.</p>
<p>Tirantes refuerzo primer peldaño.</p>
<p>Pieza fijación para cuando se utiliza sobre una escalera de obra. Incluida hasta el modelo 3 x 9.</p>

<p>Características a destacar Altura máxima de trabajo aproximada (mts): 10,5 apoyada / 7,5 sin apoyar Inclinación °: 75 Peldaño (mm): 30 Ancho (mm): 355 / 425 / 490 (1030-1150) Separación peldaños (mm): 280 Otros detalles Guías en acero recubiertas con plástico interior para mejorar el deslizamiento. Estabilizador curvado que libera 125 mm del suelo. Ruedas [&hellip;]</p>
