{"id":2262,"date":"2024-03-13T12:09:31","date_gmt":"2024-03-13T11:09:31","guid":{"rendered":"https:\/\/esla.crealogica.eu\/?post_type=product&#038;p=2262"},"modified":"2025-05-29T16:05:55","modified_gmt":"2025-05-29T14:05:55","slug":"6051-escalera-para-apoyar-extensible-de-2-tramos-mecanica-en131-1-2","status":"publish","type":"product","link":"https:\/\/www.esla.eu\/es\/productos\/escaleras-portatiles\/6051-escalera-para-apoyar-extensible-de-2-tramos-mecanica-en131-1-2\/","title":{"rendered":"6051 &#8211; Escalera para apoyar extensible de 2 tramos mec\u00e1nica EN131.1-2"},"content":{"rendered":"<p><strong>Caracter\u00edsticas a destacar<\/strong><\/p>\n<p>Altura m\u00e1xima de trabajo aproximada (mts): 12<\/p>\n<p>Inclinaci\u00f3n \u00b0: 75<\/p>\n<p>Pelda\u00f1o (mm): 30<\/p>\n<p>Ancho (mm): 355 \/ 425<\/p>\n<p>Separaci\u00f3n pelda\u00f1os (mm): 280<\/p>\n<p><strong>Otros detalles<\/strong><\/p>\n<p>Gu\u00edas en acero recubiertas con pl\u00e1stico interior para mejorar el deslizamiento.<\/p>\n<p>Pies basculantes con m\u00e1s superf\u00edcie de apoyo.<\/p>\n<p>Estabilizadores telesc\u00f3picos y plegables<\/p>\n<p>Ruedas en extremo superior que protegen la escalera en la superficie de apoyo contra la fricci\u00f3n.<\/p>\n<p>Cuerda de 12 mm.<\/p>\n<p>El dise\u00f1o del perfil con ala ofrece un mejor deslizamiento.<\/p>\n<p>Posibilidad de coger por el exterior la escalera en la extensi\u00f3n, sin pillarse los dedos.<\/p>\n","protected":false},"excerpt":{"rendered":"<p>Caracter\u00edsticas a destacar Altura m\u00e1xima de trabajo aproximada (mts): 12 Inclinaci\u00f3n \u00b0: 75 Pelda\u00f1o (mm): 30 Ancho (mm): 355 \/ 425 Separaci\u00f3n pelda\u00f1os (mm): 280 Otros detalles Gu\u00edas en acero recubiertas con pl\u00e1stico interior para mejorar el deslizamiento. Pies basculantes con m\u00e1s superf\u00edcie de apoyo. Estabilizadores telesc\u00f3picos y plegables Ruedas en extremo superior que protegen [&hellip;]<\/p>\n","protected":false},"featured_media":2269,"template":"","meta":{"inline_featured_image":false},"product_brand":[],"product_cat":[43],"product_tag":[],"class_list":{"0":"post-2262","1":"product","2":"type-product","3":"status-publish","4":"has-post-thumbnail","6":"product_cat-escaleras-portatiles","8":"first","9":"instock","10":"shipping-taxable","11":"purchasable","12":"product-type-simple"},"_links":{"self":[{"href":"https:\/\/www.esla.eu\/es\/wp-json\/wp\/v2\/product\/2262","targetHints":{"allow":["GET"]}}],"collection":[{"href":"https:\/\/www.esla.eu\/es\/wp-json\/wp\/v2\/product"}],"about":[{"href":"https:\/\/www.esla.eu\/es\/wp-json\/wp\/v2\/types\/product"}],"wp:featuredmedia":[{"embeddable":true,"href":"https:\/\/www.esla.eu\/es\/wp-json\/wp\/v2\/media\/2269"}],"wp:attachment":[{"href":"https:\/\/www.esla.eu\/es\/wp-json\/wp\/v2\/media?parent=2262"}],"wp:term":[{"taxonomy":"product_brand","embeddable":true,"href":"https:\/\/www.esla.eu\/es\/wp-json\/wp\/v2\/product_brand?post=2262"},{"taxonomy":"product_cat","embeddable":true,"href":"https:\/\/www.esla.eu\/es\/wp-json\/wp\/v2\/product_cat?post=2262"},{"taxonomy":"product_tag","embeddable":true,"href":"https:\/\/www.esla.eu\/es\/wp-json\/wp\/v2\/product_tag?post=2262"}],"curies":[{"name":"wp","href":"https:\/\/api.w.org\/{rel}","templated":true}]}}

6051 &#8211; Escalera para apoyar extensible de 2 tramos mecánica EN131.1-2

<p><strong>Características a destacar</strong></p>
<p>Altura máxima de trabajo aproximada (mts): 12</p>
<p>Inclinación °: 75</p>
<p>Peldaño (mm): 30</p>
<p>Ancho (mm): 355 / 425</p>
<p>Separación peldaños (mm): 280</p>
<p><strong>Otros detalles</strong></p>
<p>Guías en acero recubiertas con plástico interior para mejorar el deslizamiento.</p>
<p>Pies basculantes con más superfície de apoyo.</p>
<p>Estabilizadores telescópicos y plegables</p>
<p>Ruedas en extremo superior que protegen la escalera en la superficie de apoyo contra la fricción.</p>
<p>Cuerda de 12 mm.</p>
<p>El diseño del perfil con ala ofrece un mejor deslizamiento.</p>
<p>Posibilidad de coger por el exterior la escalera en la extensión, sin pillarse los dedos.</p>

<p>Características a destacar Altura máxima de trabajo aproximada (mts): 12 Inclinación °: 75 Peldaño (mm): 30 Ancho (mm): 355 / 425 Separación peldaños (mm): 280 Otros detalles Guías en acero recubiertas con plástico interior para mejorar el deslizamiento. Pies basculantes con más superfície de apoyo. Estabilizadores telescópicos y plegables Ruedas en extremo superior que protegen [&hellip;]</p>
