{"id":2263,"date":"2024-03-13T12:12:43","date_gmt":"2024-03-13T11:12:43","guid":{"rendered":"https:\/\/esla.crealogica.eu\/?post_type=product&#038;p=2263"},"modified":"2025-05-29T16:05:55","modified_gmt":"2025-05-29T14:05:55","slug":"f7200c-escalera-para-apoyar-extensible-de-2-tramos-mecanica-fibra-de-vidrio-en-131-1-en-131-2-y-en-50528","status":"publish","type":"product","link":"https:\/\/www.esla.eu\/es\/productos\/escaleras-portatiles\/f7200c-escalera-para-apoyar-extensible-de-2-tramos-mecanica-fibra-de-vidrio-en-131-1-en-131-2-y-en-50528\/","title":{"rendered":"F7200C &#8211; Escalera para apoyar extensible de 2 tramos mec\u00e1nica fibra de vidrio EN 131.1 &#8211; EN 131.2 y EN 50528"},"content":{"rendered":"<p><strong>Caracter\u00edsticas a destacar<\/strong><\/p>\n<p>Altura m\u00e1xima de trabajo aproximada (mts): 11<\/p>\n<p>Inclinaci\u00f3n \u00b0: 75<\/p>\n<p>Pelda\u00f1o (mm): 30<\/p>\n<p>Ancho (mm): 450\/500<\/p>\n<p>Separaci\u00f3n pelda\u00f1os (mm): 280<\/p>\n<p><strong>Otros detalles<\/strong><\/p>\n<p>El sistema de accionamiento a cuerda y polea permite un manejo sencillo y r\u00e1pido de la escalera, ya que est\u00e1 dise\u00f1ado para que el operario la maneje frontalmente, lo cual facilita su despliegue.<\/p>\n<p>Equipada con zapatas basculantes.<\/p>\n<p>Patas regulables en altura, opcionales.<\/p>\n<p>Aislante ante agentes el\u00e9ctricos y t\u00e9rmicos.<\/p>\n<p>Antimagn\u00e9ticas y resistentes a la humedad, los \u00e1cidos, la corrosi\u00f3n y los rayos ultravioletas.<\/p>\n<p>Los pelda\u00f1os inferior del tramo base y superior del tramo extensible son macizos.<\/p>\n<p>Ruedas de deslizamiento para las fachadas.<\/p>\n<p>Torniller\u00eda y herrajes en acero inoxidable.<\/p>\n<p>Montantes cerrados por tapas y pelda\u00f1os sellados con tapones.<\/p>\n<p>Rodillos de deslizamiento entre tramos para evitar desgaste de los perfiles.<\/p>\n<p>A partir de 3 metros de extensi\u00f3n se incluye estabilizador<\/p>\n","protected":false},"excerpt":{"rendered":"<p>Caracter\u00edsticas a destacar Altura m\u00e1xima de trabajo aproximada (mts): 11 Inclinaci\u00f3n \u00b0: 75 Pelda\u00f1o (mm): 30 Ancho (mm): 450\/500 Separaci\u00f3n pelda\u00f1os (mm): 280 Otros detalles El sistema de accionamiento a cuerda y polea permite un manejo sencillo y r\u00e1pido de la escalera, ya que est\u00e1 dise\u00f1ado para que el operario la maneje frontalmente, lo cual [&hellip;]<\/p>\n","protected":false},"featured_media":2280,"template":"","meta":{"inline_featured_image":false},"product_brand":[],"product_cat":[43],"product_tag":[],"class_list":{"0":"post-2263","1":"product","2":"type-product","3":"status-publish","4":"has-post-thumbnail","6":"product_cat-escaleras-portatiles","8":"first","9":"instock","10":"shipping-taxable","11":"purchasable","12":"product-type-simple"},"_links":{"self":[{"href":"https:\/\/www.esla.eu\/es\/wp-json\/wp\/v2\/product\/2263","targetHints":{"allow":["GET"]}}],"collection":[{"href":"https:\/\/www.esla.eu\/es\/wp-json\/wp\/v2\/product"}],"about":[{"href":"https:\/\/www.esla.eu\/es\/wp-json\/wp\/v2\/types\/product"}],"wp:featuredmedia":[{"embeddable":true,"href":"https:\/\/www.esla.eu\/es\/wp-json\/wp\/v2\/media\/2280"}],"wp:attachment":[{"href":"https:\/\/www.esla.eu\/es\/wp-json\/wp\/v2\/media?parent=2263"}],"wp:term":[{"taxonomy":"product_brand","embeddable":true,"href":"https:\/\/www.esla.eu\/es\/wp-json\/wp\/v2\/product_brand?post=2263"},{"taxonomy":"product_cat","embeddable":true,"href":"https:\/\/www.esla.eu\/es\/wp-json\/wp\/v2\/product_cat?post=2263"},{"taxonomy":"product_tag","embeddable":true,"href":"https:\/\/www.esla.eu\/es\/wp-json\/wp\/v2\/product_tag?post=2263"}],"curies":[{"name":"wp","href":"https:\/\/api.w.org\/{rel}","templated":true}]}}

F7200C &#8211; Escalera para apoyar extensible de 2 tramos mecánica fibra de vidrio EN 131.1 &#8211; EN 131.2 y EN 50528

<p><strong>Características a destacar</strong></p>
<p>Altura máxima de trabajo aproximada (mts): 11</p>
<p>Inclinación °: 75</p>
<p>Peldaño (mm): 30</p>
<p>Ancho (mm): 450/500</p>
<p>Separación peldaños (mm): 280</p>
<p><strong>Otros detalles</strong></p>
<p>El sistema de accionamiento a cuerda y polea permite un manejo sencillo y rápido de la escalera, ya que está diseñado para que el operario la maneje frontalmente, lo cual facilita su despliegue.</p>
<p>Equipada con zapatas basculantes.</p>
<p>Patas regulables en altura, opcionales.</p>
<p>Aislante ante agentes eléctricos y térmicos.</p>
<p>Antimagnéticas y resistentes a la humedad, los ácidos, la corrosión y los rayos ultravioletas.</p>
<p>Los peldaños inferior del tramo base y superior del tramo extensible son macizos.</p>
<p>Ruedas de deslizamiento para las fachadas.</p>
<p>Tornillería y herrajes en acero inoxidable.</p>
<p>Montantes cerrados por tapas y peldaños sellados con tapones.</p>
<p>Rodillos de deslizamiento entre tramos para evitar desgaste de los perfiles.</p>
<p>A partir de 3 metros de extensión se incluye estabilizador</p>

<p>Características a destacar Altura máxima de trabajo aproximada (mts): 11 Inclinación °: 75 Peldaño (mm): 30 Ancho (mm): 450/500 Separación peldaños (mm): 280 Otros detalles El sistema de accionamiento a cuerda y polea permite un manejo sencillo y rápido de la escalera, ya que está diseñado para que el operario la maneje frontalmente, lo cual [&hellip;]</p>
