{"id":2329,"date":"2024-03-13T13:56:09","date_gmt":"2024-03-13T12:56:09","guid":{"rendered":"https:\/\/esla.crealogica.eu\/?post_type=product&#038;p=2329"},"modified":"2025-05-29T16:05:54","modified_gmt":"2025-05-29T14:05:54","slug":"6060-6061-escaleras-tijera-con-plataforma-grande-en131-1-2","status":"publish","type":"product","link":"https:\/\/www.esla.eu\/es\/productos\/escaleras-portatiles\/6060-6061-escaleras-tijera-con-plataforma-grande-en131-1-2\/","title":{"rendered":"6060-6061 &#8211; Escaleras tijera con plataforma grande EN131.1-2"},"content":{"rendered":"<p><strong>Caracter\u00edsticas a destacar 6060:<\/strong><\/p>\n<p>Altura m\u00e1xima de trabajo aproximada (mts): 2,20<\/p>\n<p>Inclinaci\u00f3n \u00b0: 47<\/p>\n<p>Pelda\u00f1o (mm): 230<\/p>\n<p>Separaci\u00f3n pelda\u00f1os (mm): 250<\/p>\n<p><strong>Otros detalles<\/strong><\/p>\n<p>Escalera plegable.<\/p>\n<p>Escalones con revestimiento de goma antideslizante.<\/p>\n<p>S\u00f3lido refuerzo, resistente a la presi\u00f3n y a la tracci\u00f3n entre la escalera y el tramo de soporte.<\/p>\n<p>&nbsp;<\/p>\n<p><strong>Caracter\u00edsticas a destacar 6061:<\/strong><\/p>\n<p>Altura m\u00e1xima de trabajo aproximada (mts): 2,65<\/p>\n<p>Inclinaci\u00f3n \u00b0: 47<\/p>\n<p>Pelda\u00f1o (mm): 230<\/p>\n<p>Separaci\u00f3n pelda\u00f1os (mm): 250<\/p>\n<p><strong>Otros detalles<\/strong><\/p>\n<p>Escalera plegable.<\/p>\n<p>Escalones con revestimiento de goma antideslizante.<\/p>\n<p>S\u00f3lido refuerzo, resistente a la presi\u00f3n y a la tracci\u00f3n entre la escalera y el tramo de soporte.<\/p>\n<p>Con barandillas de protecci\u00f3n y bandeja.<\/p>\n","protected":false},"excerpt":{"rendered":"<p>Caracter\u00edsticas a destacar 6060: Altura m\u00e1xima de trabajo aproximada (mts): 2,20 Inclinaci\u00f3n \u00b0: 47 Pelda\u00f1o (mm): 230 Separaci\u00f3n pelda\u00f1os (mm): 250 Otros detalles Escalera plegable. Escalones con revestimiento de goma antideslizante. S\u00f3lido refuerzo, resistente a la presi\u00f3n y a la tracci\u00f3n entre la escalera y el tramo de soporte. &nbsp; Caracter\u00edsticas a destacar 6061: Altura [&hellip;]<\/p>\n","protected":false},"featured_media":2365,"template":"","meta":{"inline_featured_image":false},"product_brand":[],"product_cat":[43],"product_tag":[],"class_list":{"0":"post-2329","1":"product","2":"type-product","3":"status-publish","4":"has-post-thumbnail","6":"product_cat-escaleras-portatiles","8":"first","9":"instock","10":"shipping-taxable","11":"purchasable","12":"product-type-simple"},"_links":{"self":[{"href":"https:\/\/www.esla.eu\/es\/wp-json\/wp\/v2\/product\/2329","targetHints":{"allow":["GET"]}}],"collection":[{"href":"https:\/\/www.esla.eu\/es\/wp-json\/wp\/v2\/product"}],"about":[{"href":"https:\/\/www.esla.eu\/es\/wp-json\/wp\/v2\/types\/product"}],"wp:featuredmedia":[{"embeddable":true,"href":"https:\/\/www.esla.eu\/es\/wp-json\/wp\/v2\/media\/2365"}],"wp:attachment":[{"href":"https:\/\/www.esla.eu\/es\/wp-json\/wp\/v2\/media?parent=2329"}],"wp:term":[{"taxonomy":"product_brand","embeddable":true,"href":"https:\/\/www.esla.eu\/es\/wp-json\/wp\/v2\/product_brand?post=2329"},{"taxonomy":"product_cat","embeddable":true,"href":"https:\/\/www.esla.eu\/es\/wp-json\/wp\/v2\/product_cat?post=2329"},{"taxonomy":"product_tag","embeddable":true,"href":"https:\/\/www.esla.eu\/es\/wp-json\/wp\/v2\/product_tag?post=2329"}],"curies":[{"name":"wp","href":"https:\/\/api.w.org\/{rel}","templated":true}]}}

<p><strong>Características a destacar 6060:</strong></p>
<p>Altura máxima de trabajo aproximada (mts): 2,20</p>
<p>Inclinación °: 47</p>
<p>Peldaño (mm): 230</p>
<p>Separación peldaños (mm): 250</p>
<p><strong>Otros detalles</strong></p>
<p>Escalera plegable.</p>
<p>Escalones con revestimiento de goma antideslizante.</p>
<p>Sólido refuerzo, resistente a la presión y a la tracción entre la escalera y el tramo de soporte.</p>
<p>&nbsp;</p>
<p><strong>Características a destacar 6061:</strong></p>
<p>Altura máxima de trabajo aproximada (mts): 2,65</p>
<p>Inclinación °: 47</p>
<p>Peldaño (mm): 230</p>
<p>Separación peldaños (mm): 250</p>
<p><strong>Otros detalles</strong></p>
<p>Escalera plegable.</p>
<p>Escalones con revestimiento de goma antideslizante.</p>
<p>Sólido refuerzo, resistente a la presión y a la tracción entre la escalera y el tramo de soporte.</p>
<p>Con barandillas de protección y bandeja.</p>

<p>Características a destacar 6060: Altura máxima de trabajo aproximada (mts): 2,20 Inclinación °: 47 Peldaño (mm): 230 Separación peldaños (mm): 250 Otros detalles Escalera plegable. Escalones con revestimiento de goma antideslizante. Sólido refuerzo, resistente a la presión y a la tracción entre la escalera y el tramo de soporte. &nbsp; Características a destacar 6061: Altura [&hellip;]</p>
