{"id":2377,"date":"2024-03-13T14:08:26","date_gmt":"2024-03-13T13:08:26","guid":{"rendered":"https:\/\/esla.crealogica.eu\/?post_type=product&#038;p=2377"},"modified":"2025-05-29T16:05:54","modified_gmt":"2025-05-29T14:05:54","slug":"f-alm-p-escalera-con-plataforma-rodante-y-plegable-en-131-7-y-en-61478","status":"publish","type":"product","link":"https:\/\/www.esla.eu\/es\/productos\/escaleras-portatiles\/f-alm-p-escalera-con-plataforma-rodante-y-plegable-en-131-7-y-en-61478\/","title":{"rendered":"F-ALM-P Escalera con plataforma rodante y plegable EN 131-7 y EN 61478"},"content":{"rendered":"<div>-Escalera de poli\u00e9ster reforzada con fibra de vidrio.<\/div>\n<div>-Especialmente dise\u00f1ado para trabajos prolongados en altura.<\/div>\n<div>-Plegable para facilitar su transporte.<\/div>\n<div>-A\u00edsla de agentes el\u00e9ctricos y t\u00e9rmicos. Es antimagn\u00e9tico y resistente a la humedad, los \u00e1cidos, la corrosi\u00f3n y los rayos ultravioleta.<\/div>\n<div><\/div>\n<div>CARACTERISTICAS:<\/div>\n<div>-Distancia entre pelda\u00f1os: 28 cm.<\/div>\n<div>-Plataforma 500 x 500 mm en rejilla de seguridad de fibra de vidrio.<\/div>\n<div>-Cerraduras y tornillos de acero inoxidable.<\/div>\n<div>-Equipado con pies de goma.<\/div>\n<div>-Equipado con ruedas en la parte trasera para moverla con facilidad.<\/div>\n<div><\/div>\n<div>NORMATIVA:<\/div>\n<div>-Fabricado seg\u00fan UNE-EN 131-7 &#8220;Escaleras m\u00f3viles con plataforma&#8221;.<\/div>\n<p>-Probado a 100 kV seg\u00fan UNE-EN 61478 &#8220;Escalera en material aislante&#8221;.<\/p>\n","protected":false},"excerpt":{"rendered":"<p>-Escalera de poli\u00e9ster reforzada con fibra de vidrio. -Especialmente dise\u00f1ado para trabajos prolongados en altura. -Plegable para facilitar su transporte. -A\u00edsla de agentes el\u00e9ctricos y t\u00e9rmicos. Es antimagn\u00e9tico y resistente a la humedad, los \u00e1cidos, la corrosi\u00f3n y los rayos ultravioleta. CARACTERISTICAS: -Distancia entre pelda\u00f1os: 28 cm. -Plataforma 500 x 500 mm en rejilla de [&hellip;]<\/p>\n","protected":false},"featured_media":2378,"template":"","meta":{"inline_featured_image":false},"product_brand":[],"product_cat":[43],"product_tag":[],"class_list":{"0":"post-2377","1":"product","2":"type-product","3":"status-publish","4":"has-post-thumbnail","6":"product_cat-escaleras-portatiles","8":"first","9":"instock","10":"shipping-taxable","11":"purchasable","12":"product-type-simple"},"_links":{"self":[{"href":"https:\/\/www.esla.eu\/es\/wp-json\/wp\/v2\/product\/2377","targetHints":{"allow":["GET"]}}],"collection":[{"href":"https:\/\/www.esla.eu\/es\/wp-json\/wp\/v2\/product"}],"about":[{"href":"https:\/\/www.esla.eu\/es\/wp-json\/wp\/v2\/types\/product"}],"wp:featuredmedia":[{"embeddable":true,"href":"https:\/\/www.esla.eu\/es\/wp-json\/wp\/v2\/media\/2378"}],"wp:attachment":[{"href":"https:\/\/www.esla.eu\/es\/wp-json\/wp\/v2\/media?parent=2377"}],"wp:term":[{"taxonomy":"product_brand","embeddable":true,"href":"https:\/\/www.esla.eu\/es\/wp-json\/wp\/v2\/product_brand?post=2377"},{"taxonomy":"product_cat","embeddable":true,"href":"https:\/\/www.esla.eu\/es\/wp-json\/wp\/v2\/product_cat?post=2377"},{"taxonomy":"product_tag","embeddable":true,"href":"https:\/\/www.esla.eu\/es\/wp-json\/wp\/v2\/product_tag?post=2377"}],"curies":[{"name":"wp","href":"https:\/\/api.w.org\/{rel}","templated":true}]}}

<div>-Escalera de poliéster reforzada con fibra de vidrio.</div>
<div>-Especialmente diseñado para trabajos prolongados en altura.</div>
<div>-Plegable para facilitar su transporte.</div>
<div>-Aísla de agentes eléctricos y térmicos. Es antimagnético y resistente a la humedad, los ácidos, la corrosión y los rayos ultravioleta.</div>
<div></div>
<div>CARACTERISTICAS:</div>
<div>-Distancia entre peldaños: 28 cm.</div>
<div>-Plataforma 500 x 500 mm en rejilla de seguridad de fibra de vidrio.</div>
<div>-Cerraduras y tornillos de acero inoxidable.</div>
<div>-Equipado con pies de goma.</div>
<div>-Equipado con ruedas en la parte trasera para moverla con facilidad.</div>
<div></div>
<div>NORMATIVA:</div>
<div>-Fabricado según UNE-EN 131-7 &#8220;Escaleras móviles con plataforma&#8221;.</div>
<p>-Probado a 100 kV según UNE-EN 61478 &#8220;Escalera en material aislante&#8221;.</p>

<p>-Escalera de poliéster reforzada con fibra de vidrio. -Especialmente diseñado para trabajos prolongados en altura. -Plegable para facilitar su transporte. -Aísla de agentes eléctricos y térmicos. Es antimagnético y resistente a la humedad, los ácidos, la corrosión y los rayos ultravioleta. CARACTERISTICAS: -Distancia entre peldaños: 28 cm. -Plataforma 500 x 500 mm en rejilla de [&hellip;]</p>
