{"id":2457,"date":"2024-03-14T10:39:31","date_gmt":"2024-03-14T09:39:31","guid":{"rendered":"https:\/\/esla.crealogica.eu\/?post_type=product&#038;p=2457"},"modified":"2025-05-29T16:05:52","modified_gmt":"2025-05-29T14:05:52","slug":"fc7200-escaleras-transformables-2-tramos-fibra-de-vidrio-en131-1-2-y-en-50528","status":"publish","type":"product","link":"https:\/\/www.esla.eu\/es\/productos\/escaleras-portatiles\/fc7200-escaleras-transformables-2-tramos-fibra-de-vidrio-en131-1-2-y-en-50528\/","title":{"rendered":"FC7200 &#8211; Escaleras transformables 2 tramos fibra de vidrio EN131.1-2 y EN 50528"},"content":{"rendered":"<p><strong>Caracter\u00edsticas a destacar<\/strong><\/p>\n<p>Altura m\u00e1xima de trabajo aproximada (mts): 7<\/p>\n<p>Inclinaci\u00f3n \u00b0: 75<\/p>\n<p>Pelda\u00f1o (mm): 30<\/p>\n<p>Ancho (mm): 450<\/p>\n<p>Separaci\u00f3n pelda\u00f1os (mm): 280<\/p>\n<p><strong>Otros detalles<\/strong><\/p>\n<p>La escalera combinada es multifuncional, ya que ofrece la posibilidad de usarla en tijera o de forma extensible manual.<\/p>\n<p>Lleva dos cintas antiapertura colocadas entre los dos tramos de la escalera.<\/p>\n<p>Aislante ante agentes el\u00e9ctricos y t\u00e9rmicos.<\/p>\n<p>Antimagn\u00e9ticas y resistentes a la humedad, los \u00e1cidos, la corrosi\u00f3n y los rayos ultravioletas.<\/p>\n<p>Zapatas de goma en la base.<\/p>\n<p>Torniller\u00eda y herrajes en acero inoxidable.<\/p>\n<p>Montantes cerrados por tapas y pelda\u00f1os sellados con tapones.<\/p>\n","protected":false},"excerpt":{"rendered":"<p>Caracter\u00edsticas a destacar Altura m\u00e1xima de trabajo aproximada (mts): 7 Inclinaci\u00f3n \u00b0: 75 Pelda\u00f1o (mm): 30 Ancho (mm): 450 Separaci\u00f3n pelda\u00f1os (mm): 280 Otros detalles La escalera combinada es multifuncional, ya que ofrece la posibilidad de usarla en tijera o de forma extensible manual. Lleva dos cintas antiapertura colocadas entre los dos tramos de la [&hellip;]<\/p>\n","protected":false},"featured_media":2468,"template":"","meta":{"inline_featured_image":false},"product_brand":[],"product_cat":[43],"product_tag":[],"class_list":{"0":"post-2457","1":"product","2":"type-product","3":"status-publish","4":"has-post-thumbnail","6":"product_cat-escaleras-portatiles","8":"first","9":"instock","10":"shipping-taxable","11":"purchasable","12":"product-type-simple"},"_links":{"self":[{"href":"https:\/\/www.esla.eu\/es\/wp-json\/wp\/v2\/product\/2457","targetHints":{"allow":["GET"]}}],"collection":[{"href":"https:\/\/www.esla.eu\/es\/wp-json\/wp\/v2\/product"}],"about":[{"href":"https:\/\/www.esla.eu\/es\/wp-json\/wp\/v2\/types\/product"}],"wp:featuredmedia":[{"embeddable":true,"href":"https:\/\/www.esla.eu\/es\/wp-json\/wp\/v2\/media\/2468"}],"wp:attachment":[{"href":"https:\/\/www.esla.eu\/es\/wp-json\/wp\/v2\/media?parent=2457"}],"wp:term":[{"taxonomy":"product_brand","embeddable":true,"href":"https:\/\/www.esla.eu\/es\/wp-json\/wp\/v2\/product_brand?post=2457"},{"taxonomy":"product_cat","embeddable":true,"href":"https:\/\/www.esla.eu\/es\/wp-json\/wp\/v2\/product_cat?post=2457"},{"taxonomy":"product_tag","embeddable":true,"href":"https:\/\/www.esla.eu\/es\/wp-json\/wp\/v2\/product_tag?post=2457"}],"curies":[{"name":"wp","href":"https:\/\/api.w.org\/{rel}","templated":true}]}}

<p><strong>Características a destacar</strong></p>
<p>Altura máxima de trabajo aproximada (mts): 7</p>
<p>Inclinación °: 75</p>
<p>Peldaño (mm): 30</p>
<p>Ancho (mm): 450</p>
<p>Separación peldaños (mm): 280</p>
<p><strong>Otros detalles</strong></p>
<p>La escalera combinada es multifuncional, ya que ofrece la posibilidad de usarla en tijera o de forma extensible manual.</p>
<p>Lleva dos cintas antiapertura colocadas entre los dos tramos de la escalera.</p>
<p>Aislante ante agentes eléctricos y térmicos.</p>
<p>Antimagnéticas y resistentes a la humedad, los ácidos, la corrosión y los rayos ultravioletas.</p>
<p>Zapatas de goma en la base.</p>
<p>Tornillería y herrajes en acero inoxidable.</p>
<p>Montantes cerrados por tapas y peldaños sellados con tapones.</p>

<p>Características a destacar Altura máxima de trabajo aproximada (mts): 7 Inclinación °: 75 Peldaño (mm): 30 Ancho (mm): 450 Separación peldaños (mm): 280 Otros detalles La escalera combinada es multifuncional, ya que ofrece la posibilidad de usarla en tijera o de forma extensible manual. Lleva dos cintas antiapertura colocadas entre los dos tramos de la [&hellip;]</p>
