{"id":2493,"date":"2024-03-14T11:38:51","date_gmt":"2024-03-14T10:38:51","guid":{"rendered":"https:\/\/esla.crealogica.eu\/?post_type=product&#038;p=2493"},"modified":"2025-05-29T16:05:52","modified_gmt":"2025-05-29T14:05:52","slug":"fc7300-escaleras-transformables-3-tramos-fibra-de-vidrio-en131-1-2-y-en-50528","status":"publish","type":"product","link":"https:\/\/www.esla.eu\/es\/productos\/escaleras-portatiles\/fc7300-escaleras-transformables-3-tramos-fibra-de-vidrio-en131-1-2-y-en-50528\/","title":{"rendered":"FC7300 &#8211; Escaleras transformables 3 tramos fibra de vidrio EN131.1-2 y EN 50528"},"content":{"rendered":"<p><strong>Caracter\u00edsticas a destacar<\/strong><\/p>\n<p>Inclinaci\u00f3n \u00b0: 75<\/p>\n<p>Pelda\u00f1o (mm): 30<\/p>\n<p>Ancho (mm): 514<\/p>\n<p>Separaci\u00f3n pelda\u00f1os (mm): 280<\/p>\n<p><strong>Otros detalles<\/strong><\/p>\n<p>Aislante ante agentes el\u00e9ctricos y t\u00e9rmicos.<\/p>\n<p>Antimagn\u00e9ticas y resistentes a la humedad, los \u00e1cidos, la corrosi\u00f3n y los rayos ultravioletas.<\/p>\n<p>Zapatas de goma en la base.<\/p>\n<p>Torniller\u00eda y herrajes en acero inoxidable.<\/p>\n<p>Montantes cerrados por tapas y pelda\u00f1os sellados con tapones.<\/p>\n<p>Cintas de seguridad antiapertura para su uso como escalera de tijera, desmontables para cuando se usa como extensible.<\/p>\n","protected":false},"excerpt":{"rendered":"<p>Caracter\u00edsticas a destacar Inclinaci\u00f3n \u00b0: 75 Pelda\u00f1o (mm): 30 Ancho (mm): 514 Separaci\u00f3n pelda\u00f1os (mm): 280 Otros detalles Aislante ante agentes el\u00e9ctricos y t\u00e9rmicos. Antimagn\u00e9ticas y resistentes a la humedad, los \u00e1cidos, la corrosi\u00f3n y los rayos ultravioletas. Zapatas de goma en la base. Torniller\u00eda y herrajes en acero inoxidable. Montantes cerrados por tapas y [&hellip;]<\/p>\n","protected":false},"featured_media":2499,"template":"","meta":{"inline_featured_image":false},"product_brand":[],"product_cat":[43],"product_tag":[],"class_list":{"0":"post-2493","1":"product","2":"type-product","3":"status-publish","4":"has-post-thumbnail","6":"product_cat-escaleras-portatiles","8":"first","9":"instock","10":"shipping-taxable","11":"purchasable","12":"product-type-simple"},"_links":{"self":[{"href":"https:\/\/www.esla.eu\/es\/wp-json\/wp\/v2\/product\/2493","targetHints":{"allow":["GET"]}}],"collection":[{"href":"https:\/\/www.esla.eu\/es\/wp-json\/wp\/v2\/product"}],"about":[{"href":"https:\/\/www.esla.eu\/es\/wp-json\/wp\/v2\/types\/product"}],"wp:featuredmedia":[{"embeddable":true,"href":"https:\/\/www.esla.eu\/es\/wp-json\/wp\/v2\/media\/2499"}],"wp:attachment":[{"href":"https:\/\/www.esla.eu\/es\/wp-json\/wp\/v2\/media?parent=2493"}],"wp:term":[{"taxonomy":"product_brand","embeddable":true,"href":"https:\/\/www.esla.eu\/es\/wp-json\/wp\/v2\/product_brand?post=2493"},{"taxonomy":"product_cat","embeddable":true,"href":"https:\/\/www.esla.eu\/es\/wp-json\/wp\/v2\/product_cat?post=2493"},{"taxonomy":"product_tag","embeddable":true,"href":"https:\/\/www.esla.eu\/es\/wp-json\/wp\/v2\/product_tag?post=2493"}],"curies":[{"name":"wp","href":"https:\/\/api.w.org\/{rel}","templated":true}]}}

<p><strong>Características a destacar</strong></p>
<p>Inclinación °: 75</p>
<p>Peldaño (mm): 30</p>
<p>Ancho (mm): 514</p>
<p>Separación peldaños (mm): 280</p>
<p><strong>Otros detalles</strong></p>
<p>Aislante ante agentes eléctricos y térmicos.</p>
<p>Antimagnéticas y resistentes a la humedad, los ácidos, la corrosión y los rayos ultravioletas.</p>
<p>Zapatas de goma en la base.</p>
<p>Tornillería y herrajes en acero inoxidable.</p>
<p>Montantes cerrados por tapas y peldaños sellados con tapones.</p>
<p>Cintas de seguridad antiapertura para su uso como escalera de tijera, desmontables para cuando se usa como extensible.</p>

<p>Características a destacar Inclinación °: 75 Peldaño (mm): 30 Ancho (mm): 514 Separación peldaños (mm): 280 Otros detalles Aislante ante agentes eléctricos y térmicos. Antimagnéticas y resistentes a la humedad, los ácidos, la corrosión y los rayos ultravioletas. Zapatas de goma en la base. Tornillería y herrajes en acero inoxidable. Montantes cerrados por tapas y [&hellip;]</p>
