{"id":2915,"date":"2024-03-18T09:19:02","date_gmt":"2024-03-18T08:19:02","guid":{"rendered":"https:\/\/esla.crealogica.eu\/?post_type=product&#038;p=2915"},"modified":"2025-05-29T16:05:46","modified_gmt":"2025-05-29T14:05:46","slug":"8773-andamio-movil-con-estabilizador-dimensiones-plataforma-245-x-130-en-1004","status":"publish","type":"product","link":"https:\/\/www.esla.eu\/es\/productos\/andamios-moviles\/8773-andamio-movil-con-estabilizador-dimensiones-plataforma-245-x-130-en-1004\/","title":{"rendered":"8773 &#8211; Andamio m\u00f3vil con estabilizador. Dimensiones plataforma: 2,45 x 1,30 EN 1004"},"content":{"rendered":"<p><strong>Caracter\u00edsticas a destacar<\/strong><\/p>\n<p>Dimensiones plataforma: 2,45 x 1,30 m<\/p>\n<p>Carga m\u00e1xima admisible: 150 kg\/m\u00b2<\/p>\n<p>Importante consultar las\u00a0<strong>instrucciones de montaje y la ficha del producto<\/strong>\u00a0(documentaci\u00f3n producto) por los complementos que ser\u00e1n necesarios seg\u00fan el uso interno, externo y otros.<\/p>\n","protected":false},"excerpt":{"rendered":"<p>Caracter\u00edsticas a destacar Dimensiones plataforma: 2,45 x 1,30 m Carga m\u00e1xima admisible: 150 kg\/m\u00b2 Importante consultar las\u00a0instrucciones de montaje y la ficha del producto\u00a0(documentaci\u00f3n producto) por los complementos que ser\u00e1n necesarios seg\u00fan el uso interno, externo y otros.<\/p>\n","protected":false},"featured_media":2921,"template":"","meta":{"inline_featured_image":false},"product_brand":[],"product_cat":[47],"product_tag":[],"class_list":{"0":"post-2915","1":"product","2":"type-product","3":"status-publish","4":"has-post-thumbnail","6":"product_cat-andamios-moviles","8":"first","9":"instock","10":"shipping-taxable","11":"product-type-simple"},"_links":{"self":[{"href":"https:\/\/www.esla.eu\/es\/wp-json\/wp\/v2\/product\/2915","targetHints":{"allow":["GET"]}}],"collection":[{"href":"https:\/\/www.esla.eu\/es\/wp-json\/wp\/v2\/product"}],"about":[{"href":"https:\/\/www.esla.eu\/es\/wp-json\/wp\/v2\/types\/product"}],"wp:featuredmedia":[{"embeddable":true,"href":"https:\/\/www.esla.eu\/es\/wp-json\/wp\/v2\/media\/2921"}],"wp:attachment":[{"href":"https:\/\/www.esla.eu\/es\/wp-json\/wp\/v2\/media?parent=2915"}],"wp:term":[{"taxonomy":"product_brand","embeddable":true,"href":"https:\/\/www.esla.eu\/es\/wp-json\/wp\/v2\/product_brand?post=2915"},{"taxonomy":"product_cat","embeddable":true,"href":"https:\/\/www.esla.eu\/es\/wp-json\/wp\/v2\/product_cat?post=2915"},{"taxonomy":"product_tag","embeddable":true,"href":"https:\/\/www.esla.eu\/es\/wp-json\/wp\/v2\/product_tag?post=2915"}],"curies":[{"name":"wp","href":"https:\/\/api.w.org\/{rel}","templated":true}]}}

8773 &#8211; Andamio móvil con estabilizador. Dimensiones plataforma: 2,45 x 1,30 EN 1004

<p><strong>Características a destacar</strong></p>
<p>Dimensiones plataforma: 2,45 x 1,30 m</p>
<p>Carga máxima admisible: 150 kg/m²</p>
<p>Importante consultar las <strong>instrucciones de montaje y la ficha del producto</strong> (documentación producto) por los complementos que serán necesarios según el uso interno, externo y otros.</p>

<p>Características a destacar Dimensiones plataforma: 2,45 x 1,30 m Carga máxima admisible: 150 kg/m² Importante consultar las instrucciones de montaje y la ficha del producto (documentación producto) por los complementos que serán necesarios según el uso interno, externo y otros.</p>
